000
CDUS42 KRAH 271430
CLIRDU


CLIMATE REPORT
NATIONAL WEATHER SERVICE RALEIGH NC
1028 AM EDT MON APR 27 2015


...................................

...THE RALEIGH-DURHAM INTL AIRPORT NC CLIMATE SUMMARY FOR APRIL 27 2015...
VALID AS OF 1028 AM LOCAL TIME.

CLIMATE NORMAL PERIOD 1981 TO 2010
CLIMATE RECORD PERIOD 1887 TO 2015


WEATHER ITEM   OBSERVED TIME   RECORD YEAR NORMAL DEPARTURE LAST
                VALUE   (LST)  VALUE       VALUE  FROM      YEAR
                                                  NORMAL
..................................................................
TEMPERATURE (F)
 TODAY
  MAXIMUM         59            92    1990  75              84
  MINIMUM         39    447 AM  32    1976  51    -12       51
  AVERAGE         49                        63              68

PRECIPITATION (IN)
  TODAY            0.00          1.75 1960   0.09  -0.09     0.00
  MONTH TO DATE    4.27                      2.66   1.61     4.06
  SINCE MAR 1      7.55                      6.77   0.78     9.12
  SINCE JAN 1     13.81                     13.50   0.31    14.08

SNOWFALL (IN)
  TODAY            0.0           0.0  2001   0.0    0.0      0.0
  MONTH TO DATE    0.0                       0.1   -0.1      0.0
  SINCE MAR 1      0.0                       0.6   -0.6      0.2
  SINCE JUL 1      7.9                       6.1    1.8      5.8
  SNOW DEPTH       0

..................................................................


WIND (MPH)
  RESULTANT WIND SPEED   0   RESULTANT WIND DIRECTION  NE (60)
  HIGHEST WIND SPEED     9   HIGHEST WIND DIRECTION     N (360)
  HIGHEST GUST SPEED    15   HIGHEST GUST DIRECTION     N (360)
  AVERAGE WIND SPEED     1.2


SKY COVER
  POSSIBLE SUNSHINE  MM
  AVERAGE SKY COVER 0.3


WEATHER CONDITIONS
 THE FOLLOWING WEATHER WAS RECORDED TODAY.
  FOG


RELATIVE HUMIDITY (PERCENT)
 HIGHEST   100           400 AM
 LOWEST     57           900 AM
 AVERAGE    79

..........................................................


THE RALEIGH-DURHAM INTL AIRPORT NC CLIMATE NORMALS FOR TOMORROW
                         NORMAL    RECORD    YEAR
 MAXIMUM TEMPERATURE (F)   76        90      1957
                                             1943
 MINIMUM TEMPERATURE (F)   51        32      1976


SUNRISE AND SUNSET
APRIL 27 2015.........SUNRISE   628 AM EDT   SUNSET   759 PM EDT
APRIL 28 2015.........SUNRISE   626 AM EDT   SUNSET   759 PM EDT


-  INDICATES NEGATIVE NUMBERS.
R  INDICATES RECORD WAS SET OR TIED.
MM INDICATES DATA IS MISSING.
T  INDICATES TRACE AMOUNT.

&&

CLIMATE REPORT NWS FORECAST OFFICE
NCSU CENTENNIAL CAMPUS
RALEIGH, NC

MINIMUM TEMPERATURE... 42

PRECIPITATION... 0.00


$$
