000
CDUS41 KRNK 192115
CLIROA


CLIMATE REPORT
NATIONAL WEATHER SERVICE BLACKSBURG VA
513 PM EDT SUN APR 19 2015


...................................

...THE ROANOKE VA CLIMATE SUMMARY FOR APRIL 19 2015...
VALID TODAY AS OF 0500 PM LOCAL TIME.

CLIMATE NORMAL PERIOD 1981 TO 2010
CLIMATE RECORD PERIOD 1912 TO 2015


WEATHER ITEM   OBSERVED TIME   RECORD YEAR NORMAL DEPARTURE LAST
                VALUE   (LST)  VALUE       VALUE  FROM      YEAR
                                                  NORMAL
..................................................................
TEMPERATURE (F)
 TODAY
  MAXIMUM         67    120 AM  91    1995  69     -2       64
                                      1976
  MINIMUM         58    411 AM  28    1983  46     12       45
  AVERAGE         63                        58      5       55

PRECIPITATION (IN)
  TODAY            0.10          2.90 1943   0.11  -0.01     0.00
  MONTH TO DATE    2.25                      2.12   0.13     2.18
  SINCE MAR 1      6.57                      5.58   0.99     4.94
  SINCE JAN 1     10.49                     11.39  -0.90    11.22

SNOWFALL (IN)
  TODAY            0.0
  MONTH TO DATE    0.0
  SINCE MAR 1      1.9
  SINCE JUL 1     21.7
  SNOW DEPTH       0

DEGREE DAYS
 HEATING
  TODAY            2                         8     -6       10
  MONTH TO DATE  117                       199    -82      186
  SINCE MAR 1    661                       751    -90      836
  SINCE JUL 1   4090                      3956    134     4238

 COOLING
  TODAY            0                         1     -1        0
  MONTH TO DATE    6                        11     -5        8
  SINCE MAR 1      6                        16    -10        8
  SINCE JAN 1      6                        16    -10        8
..................................................................


WIND (MPH)
  HIGHEST WIND SPEED    18   HIGHEST WIND DIRECTION     E (100)
  HIGHEST GUST SPEED    25   HIGHEST GUST DIRECTION     E (110)
  AVERAGE WIND SPEED     4.2


SKY COVER
  POSSIBLE SUNSHINE  MM
  AVERAGE SKY COVER 0.9


WEATHER CONDITIONS
 THE FOLLOWING WEATHER WAS RECORDED TODAY.
  LIGHT RAIN
  FOG


RELATIVE HUMIDITY (PERCENT)
 HIGHEST    93          1000 AM
 LOWEST     58          1200 AM
 AVERAGE    76

..........................................................


THE ROANOKE VA CLIMATE NORMALS FOR TOMORROW
                         NORMAL    RECORD    YEAR
 MAXIMUM TEMPERATURE (F)   70        91      1941
 MINIMUM TEMPERATURE (F)   47        29      1926


SUNRISE AND SUNSET
APRIL 19 2015.........SUNRISE   640 AM EDT   SUNSET   758 PM EDT
APRIL 20 2015.........SUNRISE   639 AM EDT   SUNSET   759 PM EDT


-  INDICATES NEGATIVE NUMBERS.
R  INDICATES RECORD WAS SET OR TIED.
MM INDICATES DATA IS MISSING.
T  INDICATES TRACE AMOUNT.


$$

PW
