000
CDUS41 KBUF 061023
CLIROC


CLIMATE REPORT
NATIONAL WEATHER SERVICE BUFFALO NY
622 AM EDT WED MAY 6 2015


...................................

...THE ROCHESTER NY CLIMATE SUMMARY FOR MAY 5 2015...

CLIMATE NORMAL PERIOD 1981 TO 2010
CLIMATE RECORD PERIOD 1871 TO 2015


WEATHER ITEM   OBSERVED TIME   RECORD YEAR NORMAL DEPARTURE LAST
                VALUE   (LST)  VALUE       VALUE  FROM      YEAR
                                                  NORMAL
..................................................................
TEMPERATURE (F)
 YESTERDAY
  MAXIMUM         67   1114 AM  88    1949  64      3       59
  MINIMUM         51    513 AM  29    1974  43      8       39
  AVERAGE         59                        54      5       49

PRECIPITATION (IN)
  YESTERDAY        0.00          1.26 1945   0.09  -0.09     0.00
  MONTH TO DATE    T                         0.46  -0.46     0.07
  SINCE MAR 1      4.04                      5.69  -1.65     6.28
  SINCE JAN 1      8.29                     10.05  -1.76     9.90

SNOWFALL (IN)
  YESTERDAY        0.0           0.1  1891   0.0    0.0      0.0
  MONTH TO DATE    0.0                       0.1   -0.1       T
  SINCE MAR 1     13.3                      20.3   -7.0     29.6
  SINCE JUL 1    101.9                      99.2    2.7    112.7
  SNOW DEPTH       0

DEGREE DAYS
 HEATING
  YESTERDAY        6                        12     -6       16
  MONTH TO DATE   23                        63    -40       64
  SINCE MAR 1   1615                      1580     35     1774
  SINCE JUL 1   6709                      6366    343     6859

 COOLING
  YESTERDAY        0                         0      0        0
  MONTH TO DATE    4                         0      4        0
  SINCE MAR 1      4                         4      0        1
  SINCE JAN 1      4                         4      0        1
..................................................................


WIND (MPH)
  HIGHEST WIND SPEED    14   HIGHEST WIND DIRECTION    NE (30)
  HIGHEST GUST SPEED    16   HIGHEST GUST DIRECTION     N (10)
  AVERAGE WIND SPEED     4.9


SKY COVER
  AVERAGE SKY COVER 0.8


WEATHER CONDITIONS
 THE FOLLOWING WEATHER WAS RECORDED YESTERDAY.
  FOG


RELATIVE HUMIDITY (PERCENT)
 HIGHEST    93           300 AM
 LOWEST     48           200 PM
 AVERAGE    71

..........................................................


THE ROCHESTER NY CLIMATE NORMALS FOR TODAY
                         NORMAL    RECORD    YEAR
 MAXIMUM TEMPERATURE (F)   65        92      1895
 MINIMUM TEMPERATURE (F)   43        28      1968


SUNRISE AND SUNSET
MAY  6 2015...........SUNRISE   558 AM EDT   SUNSET   817 PM EDT
MAY  7 2015...........SUNRISE   557 AM EDT   SUNSET   818 PM EDT


-  INDICATES NEGATIVE NUMBERS.
R  INDICATES RECORD WAS SET OR TIED.
MM INDICATES DATA IS MISSING.
T  INDICATES TRACE AMOUNT.




$$
