000
CDUS45 KCYS 060728
CLIRWL


CLIMATE REPORT
NATIONAL WEATHER SERVICE CHEYENNE WY
128 AM MDT WED MAY 6 2015


...................................

...THE RAWLINS WY AIRPORT CLIMATE SUMMARY FOR MAY 5 2015...

CLIMATE NORMAL PERIOD 1981 TO 2010
CLIMATE RECORD PERIOD 1951 TO 2015


WEATHER ITEM   OBSERVED TIME   RECORD YEAR NORMAL DEPARTURE LAST
                VALUE   (LST)  VALUE       VALUE  FROM      YEAR
                                                  NORMAL
..................................................................
TEMPERATURE (F)
 YESTERDAY
  MAXIMUM         67    247 PM  81    2000  60      7       74
  MINIMUM         39    346 AM  16    2010  32      7       30
  AVERAGE         53                        46      7       52

PRECIPITATION (IN)
  YESTERDAY        0.00          0.51 1993   0.04  -0.04     0.00
  MONTH TO DATE    0.07                      0.21  -0.14     0.00
  SINCE JAN 1      1.97                      2.72  -0.75     1.64

DEGREE DAYS
 HEATING
  YESTERDAY       12                        19     -7       13
  MONTH TO DATE   54                        98    -44       67
  SINCE MAR 1   1571                      1860   -289     1718
  SINCE JUL 1   6802                      7817  -1015     7482

 COOLING
  YESTERDAY        0                         0      0        0
  MONTH TO DATE    0                         0      0        0
  SINCE MAR 1      0                         0      0        0
  SINCE JAN 1      0                         0      0        0
..................................................................


WIND (MPH)
  HIGHEST WIND SPEED    21   HIGHEST WIND DIRECTION    NE (60)
  HIGHEST GUST SPEED    26   HIGHEST GUST DIRECTION     E (70)
  AVERAGE WIND SPEED     6.3


SKY COVER
  AVERAGE SKY COVER 0.2


WEATHER CONDITIONS
 THE FOLLOWING WEATHER WAS RECORDED YESTERDAY.
  FOG
  FOG W/VISIBILITY <= 1/4 MILE


RELATIVE HUMIDITY (PERCENT)
 HIGHEST   100           400 AM
 LOWEST     29           200 PM
 AVERAGE    65

..........................................................


THE RAWLINS WY AIRPORT CLIMATE NORMALS FOR TODAY
                         NORMAL    RECORD    YEAR
 MAXIMUM TEMPERATURE (F)   60        80      1966
 MINIMUM TEMPERATURE (F)   32        21      2012
                                             2010
                                             1999


SUNRISE AND SUNSET
MAY  6 2015...........SUNRISE   559 AM MDT   SUNSET   812 PM MDT
MAY  7 2015...........SUNRISE   558 AM MDT   SUNSET   813 PM MDT


-  INDICATES NEGATIVE NUMBERS.
R  INDICATES RECORD WAS SET OR TIED.
MM INDICATES DATA IS MISSING.
T  INDICATES TRACE AMOUNT.




$$
