000
CDUS46 KSTO 070041
CLISAC

CLIMATE REPORT
NATIONAL WEATHER SERVICE SACRAMENTO, CA
540 PM PDT WED MAY 6 2015


...................................

...THE SACRAMENTO EXEC. AIRPORT CA CLIMATE SUMMARY FOR MAY 6 2015...
VALID TODAY AS OF 0500 PM LOCAL TIME.

CLIMATE NORMAL PERIOD 1981 TO 2010
CLIMATE RECORD PERIOD 1930 TO 2015


WEATHER ITEM   OBSERVED TIME   RECORD YEAR NORMAL DEPARTURE LAST
                VALUE   (LST)  VALUE       VALUE  FROM      YEAR
                                                  NORMAL
..................................................................
TEMPERATURE (F)
 TODAY
  MAXIMUM         80    359 PM  99    1987  77      3       77
  MINIMUM         51    544 AM  37    1986  49      2       52
  AVERAGE         66

PRECIPITATION (IN)
  TODAY            0.00          1.29 1994   0.02  -0.02      T
  MONTH TO DATE    0.00                      0.16  -0.16      T
  SINCE OCT 1     15.27                     17.45  -2.18     9.20
  SINCE JAN 1      4.89                     11.17  -6.28     7.89

SNOWFALL (IN)
  TODAY            0.0          MM      MM   0.0             0.0
  MONTH TO DATE    0.0                       0.0             0.0
  SINCE MAR 1      0.0                       0.0             0.0
  SINCE JUL 1      0.0                       0.0             0.0

DEGREE DAYS
 HEATING
  TODAY            0

 COOLING
  TODAY            1
..................................................................


WIND (MPH)
  RESULTANT WIND SPEED   3   RESULTANT WIND DIRECTION   S (180)
  HIGHEST WIND SPEED    13   HIGHEST WIND DIRECTION     N (350)
  HIGHEST GUST SPEED    18   HIGHEST GUST DIRECTION     W (290)


SKY COVER
  POSSIBLE SUNSHINE  MM
  AVERAGE SKY COVER 0.1


WEATHER CONDITIONS
 THE FOLLOWING WEATHER WAS RECORDED TODAY.
  NO SIGNIFICANT WEATHER WAS OBSERVED.


RELATIVE HUMIDITY (PERCENT)
 HIGHEST    83
 LOWEST     20
 AVERAGE    52

..........................................................


THE SACRAMENTO EXEC. AIRPORT CA CLIMATE NORMALS FOR TOMORROW
                         NORMAL    RECORD    YEAR
 MAXIMUM TEMPERATURE (F)   78       101      1987
 MINIMUM TEMPERATURE (F)   50        38      1964


SUNRISE AND SUNSET
MAY  6 2015...........SUNRISE   603 AM PDT   SUNSET   802 PM PDT
MAY  7 2015...........SUNRISE   602 AM PDT   SUNSET   803 PM PDT


-  INDICATES NEGATIVE NUMBERS.
R  INDICATES RECORD WAS SET OR TIED.
MM INDICATES DATA IS MISSING.
T  INDICATES TRACE AMOUNT.

&&
....................................................................

SACRAMENTO CITY CLIMATE DATA FOR WEDNESDAY MAY 6 2015

HIGH...   80  RECORD HIGH   104 IN 1987    NORMAL    HIGH   79
LOW....   51  RECORD LOW     39 IN 1933    NORMAL    LOW    52

RAIN SINCE MIDNIGHT....  0.00   RECORD THIS DATE....... 1.24 IN 1994
TOTAL THIS MONTH.......  0.00   NORMAL SINCE OCT 1ST.........  19.13
TOTAL SINCE OCT 1ST...  13.54   PERCENT OF NORMAL.............  71%


$$
NNNN
