000
CDUS46 KSGX 041436
CLISAN


CLIMATE REPORT
NATIONAL WEATHER SERVICE SAN DIEGO, CA
736 AM PDT MON MAY 4 2015


...................................

...THE SAN DIEGO/LINDBERGH FIELD CA CLIMATE SUMMARY FOR MAY 3 2015...

CLIMATE NORMAL PERIOD 1981 TO 2010
CLIMATE RECORD PERIOD 1874 TO 2015


WEATHER ITEM   OBSERVED TIME   RECORD YEAR NORMAL DEPARTURE LAST
                VALUE   (LST)  VALUE       VALUE  FROM      YEAR
                                                  NORMAL
..................................................................
TEMPERATURE (F)
 YESTERDAY
  MAXIMUM         69   1228 PM  93    2004  68      1       87
  MINIMUM         63   1159 PM  45    1915  58      5       65
  AVERAGE         66                        63      3       76

PRECIPITATION (IN)
  YESTERDAY        0.00          0.95 1892   0.01  -0.01     0.00
  MONTH TO DATE    0.00                      0.03  -0.03     0.00
  SINCE OCT 1      6.52                      9.98  -3.46     5.01
  SINCE JAN 1      1.65                      6.87  -5.22     2.82

SNOWFALL (IN)
  YESTERDAY        0.0
  MONTH TO DATE    0.0
  SINCE MAR 1      0.0
  SINCE JUL 1      0.0
  SNOW DEPTH       0

DEGREE DAYS
 HEATING
  YESTERDAY        0                         2     -2        0
  MONTH TO DATE    0                         8     -8        0
  SINCE MAR 1     57                       299   -242       81
  SINCE JUL 1    403                      1157   -754      537

 COOLING
  YESTERDAY        1                         1      0       11
  MONTH TO DATE    8                         3      5       40
  SINCE MAR 1    155                        22    133      115
  SINCE JAN 1    177                        27    150      124
..................................................................


WIND (MPH)
  RESULTANT WIND SPEED   5   RESULTANT WIND DIRECTION   W (270)
  HIGHEST WIND SPEED    15   HIGHEST WIND DIRECTION    NW (300)
  HIGHEST GUST SPEED    21   HIGHEST GUST DIRECTION    NW (300)
  AVERAGE WIND SPEED     7.0


SKY COVER
  POSSIBLE SUNSHINE  MM
  AVERAGE SKY COVER 0.8


WEATHER CONDITIONS
 THE FOLLOWING WEATHER WAS RECORDED YESTERDAY.
  NO SIGNIFICANT WEATHER WAS OBSERVED.


RELATIVE HUMIDITY (PERCENT)
 HIGHEST    73          1200 AM
 LOWEST     55          1200 PM
 AVERAGE    64

..........................................................


THE SAN DIEGO/LINDBERGH FIELD CA CLIMATE NORMALS FOR TODAY
                         NORMAL    RECORD    YEAR
 MAXIMUM TEMPERATURE (F)   68        90      1953
 MINIMUM TEMPERATURE (F)   58        47      1930


SUNRISE AND SUNSET
MAY  4 2015...........SUNRISE   559 AM PDT   SUNSET   732 PM PDT
MAY  5 2015...........SUNRISE   558 AM PDT   SUNSET   733 PM PDT


-  INDICATES NEGATIVE NUMBERS.
R  INDICATES RECORD WAS SET OR TIED.
MM INDICATES DATA IS MISSING.
T  INDICATES TRACE AMOUNT.




$$
