000
CDUS44 KEWX 012249
CLISAT


CLIMATE REPORT
NATIONAL WEATHER SERVICE AUSTIN/SAN ANTONIO, TX
548 PM CDT WED APR 1 2015


...................................

...THE SAN ANTONIO CLIMATE SUMMARY FOR APRIL 1 2015...
VALID TODAY AS OF 548 PM LOCAL TIME.

CLIMATE NORMAL PERIOD 1981 TO 2010
CLIMATE RECORD PERIOD 1886 TO 2015


WEATHER ITEM   OBSERVED TIME   RECORD YEAR NORMAL DEPARTURE LAST
                VALUE   (LST)  VALUE       VALUE  FROM      YEAR
                                                  NORMAL
..................................................................
TEMPERATURE (F)
 TODAY
  MAXIMUM         83    358 PM  93    2011  77      6       88
                                      1939
  MINIMUM         68    825 AM  36    1987  54     14       68
  AVERAGE         76                        66     10       78

PRECIPITATION (IN)
  TODAY            T             1.62 1904   0.06  -0.06      T
  MONTH TO DATE    T                         0.06  -0.06      T
  SINCE MAR 1      2.97                      2.37   0.60     1.06
  SINCE JAN 1      7.17                      5.92   1.25     1.71

SNOWFALL (IN)
  TODAY            0.0
  MONTH TO DATE    0.0
  SINCE MAR 1      0.0
  SINCE JUL 1      T
  SNOW DEPTH       0

DEGREE DAYS
 HEATING
  TODAY            0                         3     -3        0
  MONTH TO DATE    0                         3     -3        0
  SINCE MAR 1    172                       157     15      188
  SINCE JUL 1   1487                      1458     29     1522

 COOLING
  TODAY           11                         3      8       13
  MONTH TO DATE   11                         3      8       13
  SINCE MAR 1     67                        68     -1       74
  SINCE JAN 1     80                        94    -14      139
..................................................................


WIND (MPH)
  HIGHEST WIND SPEED    17   HIGHEST WIND DIRECTION     S (160)
  HIGHEST GUST SPEED    27   HIGHEST GUST DIRECTION    SW (220)
  AVERAGE WIND SPEED     9.6


SKY COVER
  AVERAGE SKY COVER 0.9


WEATHER CONDITIONS
 THE FOLLOWING WEATHER WAS RECORDED TODAY.
  LIGHT RAIN
  FOG


RELATIVE HUMIDITY (PERCENT)
 HIGHEST    93           400 AM
 LOWEST     47           400 PM
 AVERAGE    70

..........................................................


THE SAN ANTONIO CLIMATE NORMALS FOR TOMORROW
                         NORMAL    RECORD    YEAR
 MAXIMUM TEMPERATURE (F)   78        98      1939
 MINIMUM TEMPERATURE (F)   55        38      2005


SUNRISE AND SUNSET
APRIL  1 2015.........SUNRISE   724 AM CDT   SUNSET   752 PM CDT
APRIL  2 2015.........SUNRISE   723 AM CDT   SUNSET   753 PM CDT


-  INDICATES NEGATIVE NUMBERS.
R  INDICATES RECORD WAS SET OR TIED.
MM INDICATES DATA IS MISSING.
T  INDICATES TRACE AMOUNT.




$$
