000
CDUS42 KCHS 032119
CLISAV


CLIMATE REPORT
NATIONAL WEATHER SERVICE CHARLESTON SC
518 PM EDT SUN MAY 3 2015


...................................

...THE SAVANNAH GA CLIMATE SUMMARY FOR MAY 3 2015...
VALID TODAY AS OF 0500 PM LOCAL TIME.

CLIMATE NORMAL PERIOD 1981 TO 2010
CLIMATE RECORD PERIOD 1871 TO 2015


WEATHER ITEM   OBSERVED TIME   RECORD YEAR NORMAL DEPARTURE LAST
                VALUE   (LST)  VALUE       VALUE  FROM      YEAR
                                                  NORMAL
..................................................................
TEMPERATURE (F)
 TODAY
  MAXIMUM         81    237 PM  94    1959  82     -1       79
                                      1951
                                      1901
  MINIMUM         55    602 AM  47    1999  58     -3       57
                                      1939
  AVERAGE         68                        70     -2       68

PRECIPITATION (IN)
  TODAY            0.00          1.64 1978   0.08  -0.08      T
  MONTH TO DATE    0.00                      0.24  -0.24     0.18
  SINCE MAR 1      8.54                      7.04   1.50     8.38
  SINCE JAN 1     16.10                     13.52   2.58    12.49

DEGREE DAYS
 HEATING
  TODAY            0                         1     -1        0
  MONTH TO DATE    2                         3     -1        0
  SINCE MAR 1    158                       289   -131      301
  SINCE JUL 1   1693                      1806   -113     1682

 COOLING
  TODAY            3                         6     -3        3
  MONTH TO DATE    3                        16    -13        9
  SINCE MAR 1    240                       142     98      159
  SINCE JAN 1    245                       152     93      177
..................................................................


WIND (MPH)
  HIGHEST WIND SPEED    13   HIGHEST WIND DIRECTION     S (170)
  HIGHEST GUST SPEED    16   HIGHEST GUST DIRECTION     S (160)
  AVERAGE WIND SPEED     3.5


SKY COVER
  POSSIBLE SUNSHINE  MM
  AVERAGE SKY COVER 0.1


WEATHER CONDITIONS
 THE FOLLOWING WEATHER WAS RECORDED TODAY.
  NO SIGNIFICANT WEATHER WAS OBSERVED.


RELATIVE HUMIDITY (PERCENT)
 HIGHEST    86           100 AM
 LOWEST     30          1200 PM
 AVERAGE    58

..........................................................


THE SAVANNAH GA CLIMATE NORMALS FOR TOMORROW
                         NORMAL    RECORD    YEAR
 MAXIMUM TEMPERATURE (F)   82        96      1902
 MINIMUM TEMPERATURE (F)   58        40      1971


SUNRISE AND SUNSET
MAY  3 2015...........SUNRISE   637 AM EDT   SUNSET   807 PM EDT
MAY  4 2015...........SUNRISE   636 AM EDT   SUNSET   807 PM EDT


-  INDICATES NEGATIVE NUMBERS.
R  INDICATES RECORD WAS SET OR TIED.
MM INDICATES DATA IS MISSING.
T  INDICATES TRACE AMOUNT.




$$
