000
CDUS46 KLOX 180903
CLISBA


CLIMATE REPORT
NATIONAL WEATHER SERVICE LOS ANGELES/OXNARD CA
203 AM PDT SAT APR 18 2015


...................................

...THE SANTA BARBARA AIRPORT CA CLIMATE SUMMARY FOR APRIL 17 2015...

CLIMATE NORMAL PERIOD 1981 TO 2010
CLIMATE RECORD PERIOD 1940 TO 2015


WEATHER ITEM   OBSERVED TIME   RECORD YEAR NORMAL DEPARTURE LAST
                VALUE   (LST)  VALUE       VALUE  FROM      YEAR
                                                  NORMAL
..................................................................
TEMPERATURE (F)
 YESTERDAY
  MAXIMUM         74    239 PM  81    1999  67      7       66
  MINIMUM         46    553 AM  35    1944  48     -2       53
  AVERAGE         60                        58      2       60

PRECIPITATION (IN)
  YESTERDAY        0.00          3.29 2000   0.03  -0.03     0.00
  MONTH TO DATE    0.18                      0.67  -0.49     0.26
  SINCE OCT 1      9.00                     16.61  -7.61     6.48
  SINCE JAN 1      2.71                     11.31  -8.60     5.19

SNOWFALL (IN)
  YESTERDAY        0.0
  MONTH TO DATE    0.0
  SINCE MAR 1      0.0
  SINCE JUL 1      0.0

DEGREE DAYS
 HEATING
  YESTERDAY        5                         7     -2        5
  MONTH TO DATE   95                       141    -46      119
  SINCE MAR 1    217                       437   -220      285
  SINCE JUL 1   1042                      2038   -996     1520

 COOLING
  YESTERDAY        0                         0      0        0
  MONTH TO DATE    0                         0      0        0
  SINCE MAR 1     34                         2     32        5
  SINCE JAN 1     34                         2     32        5
..................................................................


WIND (MPH)
  HIGHEST WIND SPEED    17   HIGHEST WIND DIRECTION     W (250)
  HIGHEST GUST SPEED    22   HIGHEST GUST DIRECTION     W (260)
  AVERAGE WIND SPEED     5.6


SKY COVER
  POSSIBLE SUNSHINE  MM
  AVERAGE SKY COVER 0.0


WEATHER CONDITIONS
 THE FOLLOWING WEATHER WAS RECORDED YESTERDAY.
  NO SIGNIFICANT WEATHER WAS OBSERVED.


RELATIVE HUMIDITY (PERCENT)
 HIGHEST    75          1100 PM
 LOWEST     27           300 PM
 AVERAGE    51

..........................................................


THE SANTA BARBARA AIRPORT CA CLIMATE NORMALS FOR TODAY
                         NORMAL    RECORD    YEAR
 MAXIMUM TEMPERATURE (F)   68        79      1992
 MINIMUM TEMPERATURE (F)   48        37      1968


SUNRISE AND SUNSET
APRIL 18 2015.........SUNRISE   624 AM PDT   SUNSET   733 PM PDT
APRIL 19 2015.........SUNRISE   623 AM PDT   SUNSET   734 PM PDT


-  INDICATES NEGATIVE NUMBERS.
R  INDICATES RECORD WAS SET OR TIED.
MM INDICATES DATA IS MISSING.
T  INDICATES TRACE AMOUNT.




$$
