000
CDUS43 KIWX 060021
CLISBN


CLIMATE REPORT
NATIONAL WEATHER SERVICE NORTHERN INDIANA
820 PM EDT TUE MAY 5 2015


...................................

...THE SOUTH BEND CLIMATE SUMMARY FOR MAY 5 2015...
VALID AS OF 0800 PM LOCAL TIME.

CLIMATE NORMAL PERIOD 1981 TO 2010
CLIMATE RECORD PERIOD 1893 TO 2015


WEATHER ITEM   OBSERVED TIME   RECORD YEAR NORMAL DEPARTURE LAST
                VALUE   (LST)  VALUE       VALUE  FROM      YEAR
                                                  NORMAL
..................................................................
TEMPERATURE (F)
 TODAY
  MAXIMUM         67    209 PM  90    1949  67      0       62
  MINIMUM         57    659 PM  30    1968  45     12       40
  AVERAGE         62                        56      6       51

PRECIPITATION (IN)
  TODAY            1.04          1.17 1919   0.12   0.92     0.01
  MONTH TO DATE    1.04                      0.58   0.46     0.19
  SINCE MAR 1      4.22                      6.23  -2.01     4.23
  SINCE JAN 1      8.12                     10.47  -2.35    10.17

SNOWFALL (IN)
  TODAY            0.0           T    1954   0.0    0.0      0.0
  MONTH TO DATE    0.0                       0.0    0.0      0.0
  SINCE MAR 1      6.1                       8.5   -2.4     12.9
  SINCE JUL 1     83.9                      66.6   17.3    106.9
  SNOW DEPTH       0

DEGREE DAYS
 HEATING
  TODAY            3                        10     -7       14
  MONTH TO DATE   19                        52    -33       75
  SINCE MAR 1   1394                      1394      0     1620
  SINCE JUL 1   6491                      6083    408     6803

 COOLING
  TODAY            0                         1     -1        0
  MONTH TO DATE    4                         3      1        0
  SINCE MAR 1      6                        13     -7        2
  SINCE JAN 1      6                        13     -7        2
..................................................................


WIND (MPH)
  RESULTANT WIND SPEED   5   RESULTANT WIND DIRECTION  NE (60)
  HIGHEST WIND SPEED    12   HIGHEST WIND DIRECTION     E (80)
  HIGHEST GUST SPEED    20   HIGHEST GUST DIRECTION    NE (60)
  AVERAGE WIND SPEED     5.3


SKY COVER
  POSSIBLE SUNSHINE  MM
  AVERAGE SKY COVER 0.9


WEATHER CONDITIONS
 THE FOLLOWING WEATHER WAS RECORDED TODAY.
  HEAVY RAIN
  RAIN
  LIGHT RAIN
  FOG
  HAZE


RELATIVE HUMIDITY (PERCENT)
 HIGHEST    97          1000 AM
 LOWEST     78          1200 AM
 AVERAGE    88

..........................................................


THE SOUTH BEND CLIMATE NORMALS FOR TOMORROW
                         NORMAL    RECORD    YEAR
 MAXIMUM TEMPERATURE (F)   67        88      1959
                                             1949
                                             1934
 MINIMUM TEMPERATURE (F)   45        24      1968


SUNRISE AND SUNSET
MAY  5 2015...........SUNRISE   637 AM EDT   SUNSET   847 PM EDT
MAY  6 2015...........SUNRISE   636 AM EDT   SUNSET   849 PM EDT


-  INDICATES NEGATIVE NUMBERS.
R  INDICATES RECORD WAS SET OR TIED.
MM INDICATES DATA IS MISSING.
T  INDICATES TRACE AMOUNT.




$$
