000
CDUS41 KAKQ 040550
CLISBY


CLIMATE REPORT
NATIONAL WEATHER SERVICE WAKEFIELD, VA
150 AM EDT MON MAY 4 2015


...................................

...THE SALISBURY MD CLIMATE SUMMARY FOR MAY 3 2015...

CLIMATE NORMAL PERIOD 1981 TO 2010
CLIMATE RECORD PERIOD 1900 TO 2015


WEATHER ITEM   OBSERVED TIME   RECORD YEAR NORMAL DEPARTURE LAST
                VALUE   (LST)  VALUE       VALUE  FROM      YEAR
                                                  NORMAL
..................................................................
TEMPERATURE (F)
 YESTERDAY
  MAXIMUM         80    407 PM  88    1965  70     10       75
  MINIMUM         41    508 AM  33    2005  48     -7       47
                                      1988
  AVERAGE         61                        59      2       61

PRECIPITATION (IN)
  YESTERDAY        0.00          1.76 1934   0.10  -0.10     0.00
  MONTH TO DATE    0.13                      0.29  -0.16     0.12
  SINCE MAR 1      7.87                      8.26  -0.39     9.10
  SINCE JAN 1     15.59                     15.22   0.37    16.32

SNOWFALL (IN)
  YESTERDAY        0.0           0.0  2002   0.0    0.0
                                      2001
  MONTH TO DATE    0.0                       0.0    0.0
  SINCE NOV 1     15.7                       9.3    6.4
  SINCE JUL 1     15.7                       9.3    6.4
  SNOW DEPTH       0

DEGREE DAYS
 HEATING
  YESTERDAY        4                         7     -3        4
  MONTH TO DATE   30                        21      9        8
  SINCE MAR 1   1014                       996     18      989
  SINCE JUL 1   4227                      4301    -74     4129

 COOLING
  YESTERDAY        0                         1     -1        0
  MONTH TO DATE    0                         3     -3        6
  SINCE MAR 1      7                        20    -13       20
  SINCE JAN 1      7                        20    -13       20
..................................................................


WIND (MPH)
  HIGHEST WIND SPEED    15   HIGHEST WIND DIRECTION     N (350)
  HIGHEST GUST SPEED    18   HIGHEST GUST DIRECTION    NW (320)
  AVERAGE WIND SPEED     3.9


SKY COVER
  POSSIBLE SUNSHINE  MM
  AVERAGE SKY COVER 0.2


WEATHER CONDITIONS
 THE FOLLOWING WEATHER WAS RECORDED YESTERDAY.
  NO SIGNIFICANT WEATHER WAS OBSERVED.


RELATIVE HUMIDITY (PERCENT)
 HIGHEST    96           700 AM
 LOWEST     23           300 PM
 AVERAGE    60

..........................................................


THE SALISBURY MD CLIMATE NORMALS FOR TODAY
                         NORMAL    RECORD    YEAR
 MAXIMUM TEMPERATURE (F)   70        88      2001
                                             1928
 MINIMUM TEMPERATURE (F)   48        32      2005
                                             2003


SUNRISE AND SUNSET
MAY  4 2015...........SUNRISE   602 AM EDT   SUNSET   756 PM EDT
MAY  5 2015...........SUNRISE   601 AM EDT   SUNSET   757 PM EDT


-  INDICATES NEGATIVE NUMBERS.
R  INDICATES RECORD WAS SET OR TIED.
MM INDICATES DATA IS MISSING.
T  INDICATES TRACE AMOUNT.




$$
