000
CDUS46 KSTO 040042
CLISCK

CLIMATE REPORT
NATIONAL WEATHER SERVICE SACRAMENTO, CA
536 PM PDT SUN MAY 3 2015


...................................

...THE STOCKTON AIRPORT CA CLIMATE SUMMARY FOR MAY 3 2015...
VALID TODAY AS OF 0500 PM LOCAL TIME.

CLIMATE NORMAL PERIOD 1981 TO 2010
CLIMATE RECORD PERIOD 1948 TO 2015


WEATHER ITEM   OBSERVED TIME   RECORD YEAR NORMAL DEPARTURE LAST
                VALUE   (LST)  VALUE       VALUE  FROM      YEAR
                                                  NORMAL
..................................................................
TEMPERATURE (F)
 TODAY
  MAXIMUM         81    250 PM  96    2004  78      3       78
  MINIMUM         50    506 AM  38    1950  49      1       54
  AVERAGE         66

PRECIPITATION (IN)
  TODAY            0.00          0.68 1956   0.02  -0.02     0.00
  MONTH TO DATE    0.00                      0.07  -0.07     0.00
  SINCE OCT 1     10.60                     13.22  -2.62     7.22
  SINCE JAN 1      2.76                      8.49  -5.73     5.79

SNOWFALL (IN)
  TODAY            0.0          MM      MM
  MONTH TO DATE    0.0
  SINCE MAR 1      0.0
  SINCE JUL 1      0.0

DEGREE DAYS
 HEATING
  TODAY            0                         3     -3        0
  MONTH TO DATE    0                        10    -10        0
  SINCE MAR 1    232                       524   -292      314
  SINCE JUL 1   1671                      2586   -915     2147

 COOLING
  TODAY            1                         2     -1        1
  MONTH TO DATE   16                         6     10       17
  SINCE MAR 1     65                        23     42       46
  SINCE JAN 1     65                        23     42       46
..................................................................


WIND (MPH)
  RESULTANT WIND SPEED   4   RESULTANT WIND DIRECTION  NW (330)
  HIGHEST WIND SPEED    14   HIGHEST WIND DIRECTION    NW (300)
  HIGHEST GUST SPEED    18   HIGHEST GUST DIRECTION     W (280)


SKY COVER
  POSSIBLE SUNSHINE  MM
  AVERAGE SKY COVER 0.0


WEATHER CONDITIONS
 THE FOLLOWING WEATHER WAS RECORDED TODAY.
  NO SIGNIFICANT WEATHER WAS OBSERVED.


RELATIVE HUMIDITY (PERCENT)
 HIGHEST    89           400 AM
 LOWEST     35           100 PM
 AVERAGE    62

..........................................................


THE STOCKTON AIRPORT CA CLIMATE NORMALS FOR TOMORROW
                         NORMAL    RECORD    YEAR
 MAXIMUM TEMPERATURE (F)   78        98      1990
 MINIMUM TEMPERATURE (F)   49        38      1964


SUNRISE AND SUNSET
MAY  3 2015...........SUNRISE   607 AM PDT   SUNSET   757 PM PDT
MAY  4 2015...........SUNRISE   606 AM PDT   SUNSET   758 PM PDT


-  INDICATES NEGATIVE NUMBERS.
R  INDICATES RECORD WAS SET OR TIED.
MM INDICATES DATA IS MISSING.
T  INDICATES TRACE AMOUNT.




$$
