000
CDUS46 KLOX 190903
CLISDB


CLIMATE REPORT
NATIONAL WEATHER SERVICE LOS ANGELES/OXNARD CA
202 AM PDT SUN APR 19 2015


...................................

...THE SANDBERG CA CLIMATE SUMMARY FOR APRIL 18 2015...

CLIMATE NORMAL PERIOD 1981 TO 2010
CLIMATE RECORD PERIOD 1934 TO 2015


WEATHER ITEM   OBSERVED TIME   RECORD YEAR NORMAL DEPARTURE LAST
                VALUE   (LST)  VALUE       VALUE  FROM      YEAR
                                                  NORMAL
..................................................................
TEMPERATURE (F)
 YESTERDAY
  MAXIMUM         78    145 PM  83    1989  59     19       68
  MINIMUM         54    407 AM  26    1971  42     12       48
  AVERAGE         66                        51     15       58

PRECIPITATION (IN)
  YESTERDAY        0.00          0.73 1967   0.02  -0.02     0.00
  MONTH TO DATE    0.05                      0.44  -0.39     0.11
  SINCE OCT 1      6.86                     11.45  -4.59     4.03
  SINCE JAN 1      1.96                      7.82  -5.86     3.33

DEGREE DAYS
 HEATING
  YESTERDAY        0                        15    -15        7
  MONTH TO DATE  189                       289   -100      142
  SINCE MAR 1    412                       859   -447      484
  SINCE JUL 1   2043                      3618  -1575     2269

 COOLING
  YESTERDAY        1                         0      1        0
  MONTH TO DATE    1                         0      1       19
  SINCE MAR 1     33                         1     32       22
  SINCE JAN 1     36                         1     35       29
..................................................................


WIND (MPH)
  HIGHEST WIND SPEED    24   HIGHEST WIND DIRECTION    NW (330)
  HIGHEST GUST SPEED    30   HIGHEST GUST DIRECTION     N (340)
  AVERAGE WIND SPEED    11.6


SKY COVER
  POSSIBLE SUNSHINE  MM
  AVERAGE SKY COVER 0.0


WEATHER CONDITIONS
 THE FOLLOWING WEATHER WAS RECORDED YESTERDAY.
  NO SIGNIFICANT WEATHER WAS OBSERVED.


RELATIVE HUMIDITY (PERCENT)
 HIGHEST    31          1100 PM
 LOWEST     10           100 PM
 AVERAGE    21

..........................................................


THE SANDBERG CA CLIMATE NORMALS FOR TODAY
                         NORMAL    RECORD    YEAR
 MAXIMUM TEMPERATURE (F)   59        81      1950
 MINIMUM TEMPERATURE (F)   42        22      1967


SUNRISE AND SUNSET
APRIL 19 2015.........SUNRISE   618 AM PDT   SUNSET   730 PM PDT
APRIL 20 2015.........SUNRISE   617 AM PDT   SUNSET   731 PM PDT


-  INDICATES NEGATIVE NUMBERS.
R  INDICATES RECORD WAS SET OR TIED.
MM INDICATES DATA IS MISSING.
T  INDICATES TRACE AMOUNT.




$$
