000
CDUS46 KSEW 200129
CLISEW


CLIMATE REPORT
NATIONAL WEATHER SERVICE SEATTLE WA
628 PM PDT SUN APR 19 2015


...................................

...THE SEATTLE WA WFO CLIMATE SUMMARY FOR APRIL 19 2015...
VALID TODAY AS OF 0600 PM LOCAL TIME.

CLIMATE NORMAL PERIOD 1981 TO 2010
CLIMATE RECORD PERIOD 1986 TO 2015


WEATHER ITEM   OBSERVED TIME   RECORD YEAR     LAST
                VALUE   (LST)  VALUE           YEAR
....................................................
TEMPERATURE (F)
 TODAY
  MAXIMUM         68        MM  72    2010    54
  MINIMUM         44        MM  36    2008    42
  AVERAGE         56                          48

PRECIPITATION (IN)
  TODAY            0.00          1.29 1997     0.23
  MONTH TO DATE    1.04                        2.38
  SINCE OCT 1     29.12                       25.80
  SINCE JAN 1     12.56                       19.95

SNOWFALL (IN)
  TODAY            0.0                         0.0
  MONTH TO DATE    0.0                         0.0
  SINCE OCT 1      T                           2.9
  SINCE JUL 1      T                           2.9
  SNOW DEPTH       0

DEGREE DAYS
 HEATING
  TODAY            9                          17
  MONTH TO DATE  266                         247
  SINCE MAR 1    703                         771
  SINCE JUL 1   3184                        4035

 COOLING
  TODAY            0                           0
  MONTH TO DATE    0                           0
  SINCE MAR 1      0                           0
  SINCE JAN 1      0                           0
....................................................


WIND (MPH)
  HIGHEST WIND SPEED    MM   HIGHEST WIND DIRECTION    MM
  HIGHEST GUST SPEED    MM   HIGHEST GUST DIRECTION    MM
  AVERAGE WIND SPEED    MM



WEATHER CONDITIONS
 THE FOLLOWING WEATHER WAS RECORDED TODAY.
  NO SIGNIFICANT WEATHER WAS OBSERVED.






-  INDICATES NEGATIVE NUMBERS.
R  INDICATES RECORD WAS SET OR TIED.
MM INDICATES DATA IS MISSING.
T  INDICATES TRACE AMOUNT.




$$
