000
CDUS46 KMTR 030827
CLISFD


CLIMATE REPORT
NATIONAL WEATHER SERVICE SAN FRANCISCO BAY AREA
127 AM PDT SUN MAY 3 2015


...................................

...THE SAN FRANCISCO DWTN CA CLIMATE SUMMARY FOR MAY 2 2015...

CLIMATE NORMAL PERIOD 1981 TO 2010
CLIMATE RECORD PERIOD 1850 TO 2015


WEATHER ITEM   OBSERVED TIME   RECORD YEAR NORMAL DEPARTURE LAST
                VALUE   (LST)  VALUE       VALUE  FROM      YEAR
                                                  NORMAL
..................................................................
TEMPERATURE (F)
 YESTERDAY
  MAXIMUM         61    243 PM  88    2013  64     -3       66
  MINIMUM         52   1143 PM  44    1921  50      2       52
  AVERAGE         57                        57      0       59

PRECIPITATION (IN)
  YESTERDAY        0.00          1.07 1859   0.04  -0.04     0.00
  MONTH TO DATE    0.00                      0.07  -0.07     0.00
  SINCE OCT 1     17.34                     22.59  -5.25    12.07
  SINCE JAN 1      2.89                     13.75 -10.86    10.42

DEGREE DAYS
 HEATING
  YESTERDAY        8                        MM     MM        6
  MONTH TO DATE   12                        MM     MM        6
  SINCE MAR 1    409                        MM     MM      427
  SINCE JUL 1   1483                        MM     MM     2090

 COOLING
  YESTERDAY        0                        MM     MM        0
  MONTH TO DATE    0                         0      0        8
  SINCE MAR 1     14                         0     14       25
  SINCE JAN 1     14                         0     14       25
..................................................................







THE SAN FRANCISCO DWTN CA CLIMATE NORMALS FOR TODAY
                         NORMAL    RECORD    YEAR
 MAXIMUM TEMPERATURE (F)   64        79      2013
                                             1935
 MINIMUM TEMPERATURE (F)   50        44      1950


SUNRISE AND SUNSET
MAY  3 2015...........SUNRISE   612 AM PDT   SUNSET   802 PM PDT
MAY  4 2015...........SUNRISE   611 AM PDT   SUNSET   803 PM PDT


-  INDICATES NEGATIVE NUMBERS.
R  INDICATES RECORD WAS SET OR TIED.
MM INDICATES DATA IS MISSING.
T  INDICATES TRACE AMOUNT.




$$
