000
CDUS46 KMFR 030836
CLISIY


CLIMATE REPORT
NATIONAL WEATHER SERVICE MEDFORD, OR
136 AM PDT SUN MAY 3 2015


...................................

...THE MONTAGUE CA CLIMATE SUMMARY FOR MAY 2 2015...

CLIMATE NORMAL PERIOD 1981 TO 2010
CLIMATE RECORD PERIOD 1948 TO 2015


WEATHER ITEM   OBSERVED TIME   RECORD YEAR NORMAL DEPARTURE LAST
                VALUE   (LST)  VALUE       VALUE  FROM      YEAR
                                                  NORMAL
..................................................................
TEMPERATURE (F)
 YESTERDAY
  MAXIMUM         84    344 PM  99    2001  67     17       83
  MINIMUM         40    448 AM  28    1955  38      2       41
  AVERAGE         62                        52     10       62

PRECIPITATION (IN)
  YESTERDAY        0.00          0.34 2009   0.06  -0.06     0.00
  MONTH TO DATE    0.00                      0.13  -0.13     0.00
  SINCE OCT 1     11.04                     15.04  -4.00     6.05
  SINCE JAN 1      5.13                      8.21  -3.08     5.41

SNOWFALL (IN)
  YESTERDAY       MM                        MM     MM       MM
  MONTH TO DATE   MM                        MM     MM       MM
  SINCE JUL 1     MM                        MM     MM        0.0
  SNOW DEPTH      MM

DEGREE DAYS
 HEATING
  YESTERDAY        3                        13    -10        3
  MONTH TO DATE    8                        26    -18        6
  SINCE MAR 1    988                      1247   -259      974
  SINCE JUL 1   4130                      5124   -994     5022

 COOLING
  YESTERDAY        0                         0      0        0
  MONTH TO DATE    0                         0      0        0
  SINCE MAR 1      0                         0      0        2
  SINCE JAN 1      0                         0      0        2
..................................................................


WIND (MPH)
  HIGHEST WIND SPEED    22   HIGHEST WIND DIRECTION     N (10)
  HIGHEST GUST SPEED    26   HIGHEST GUST DIRECTION     N (360)
  AVERAGE WIND SPEED     5.6


SKY COVER
  POSSIBLE SUNSHINE  MM
  AVERAGE SKY COVER 0.0


WEATHER CONDITIONS
 THE FOLLOWING WEATHER WAS RECORDED YESTERDAY.
  NO SIGNIFICANT WEATHER WAS OBSERVED.


RELATIVE HUMIDITY (PERCENT)
 HIGHEST    70           400 AM
 LOWEST     17           300 PM

..........................................................


THE MONTAGUE CA CLIMATE NORMALS FOR TODAY
                         NORMAL    RECORD    YEAR
 MAXIMUM TEMPERATURE (F)   68        90      1992
 MINIMUM TEMPERATURE (F)   38        27      1959


SUNRISE AND SUNSET
MAY  3 2015...........SUNRISE   604 AM PDT   SUNSET   810 PM PDT
MAY  4 2015...........SUNRISE   603 AM PDT   SUNSET   811 PM PDT


-  INDICATES NEGATIVE NUMBERS.
R  INDICATES RECORD WAS SET OR TIED.
MM INDICATES DATA IS MISSING.
T  INDICATES TRACE AMOUNT.




$$
