000
CDUS44 KSJT 280656
CLISJT


CLIMATE REPORT
NATIONAL WEATHER SERVICE SAN ANGELO TX
156 AM CDT TUE APR 28 2015


...................................

...THE SAN ANGELO CLIMATE SUMMARY FOR APRIL 27 2015...

CLIMATE NORMAL PERIOD 1981 TO 2010
CLIMATE RECORD PERIOD 1907 TO 2015


WEATHER ITEM   OBSERVED TIME   RECORD YEAR NORMAL DEPARTURE LAST
                VALUE   (LST)  VALUE       VALUE  FROM      YEAR
                                                  NORMAL
..................................................................
TEMPERATURE (F)
 YESTERDAY
  MAXIMUM         82    258 PM 102    2012  83     -1       90
  MINIMUM         51    611 AM  39    1916  55     -4       70
                                      1908
  AVERAGE         67                        69     -2       80

PRECIPITATION (IN)
  YESTERDAY        T             2.28 2009   0.06  -0.06     0.00
  MONTH TO DATE    1.81                      1.24   0.57     0.41
  SINCE MAR 1      3.47                      2.74   0.73     0.46
  SINCE JAN 1      5.73                      5.02   0.71     0.52

SNOWFALL (IN)
  YESTERDAY        0.0           0.0  2002   0.0    0.0      0.0
  MONTH TO DATE    0.0                       0.0    0.0      0.0
  SINCE NOV 1      1.4                       2.2   -0.8      1.6
  SINCE JUL 1      1.4                       2.2   -0.8      1.6
  SNOW DEPTH       0

DEGREE DAYS
 HEATING
  YESTERDAY        0                         1     -1        0
  MONTH TO DATE   24                        85    -61       65
  SINCE MAR 1    310                       342    -32      347
  SINCE JUL 1   2157                      2303   -146     2467

 COOLING
  YESTERDAY        2                         6     -4       15
  MONTH TO DATE  143                        99     44      186
  SINCE MAR 1    194                       132     62      241
  SINCE JAN 1    196                       137     59      244
..................................................................


WIND (MPH)
  HIGHEST WIND SPEED    25   HIGHEST WIND DIRECTION    NW (320)
  HIGHEST GUST SPEED    31   HIGHEST GUST DIRECTION     N (340)
  AVERAGE WIND SPEED    10.8


SKY COVER
  POSSIBLE SUNSHINE  MM
  AVERAGE SKY COVER 0.3


WEATHER CONDITIONS
 THE FOLLOWING WEATHER WAS RECORDED YESTERDAY.
  LIGHT RAIN


RELATIVE HUMIDITY (PERCENT)
 HIGHEST    93           400 AM
 LOWEST     23           200 PM
 AVERAGE    58

..........................................................


THE SAN ANGELO CLIMATE NORMALS FOR TODAY
                         NORMAL    RECORD    YEAR
 MAXIMUM TEMPERATURE (F)   84        96      2002
 MINIMUM TEMPERATURE (F)   56        37      2008


SUNRISE AND SUNSET
APRIL 28 2015.........SUNRISE   700 AM CDT   SUNSET   819 PM CDT
APRIL 29 2015.........SUNRISE   659 AM CDT   SUNSET   820 PM CDT


-  INDICATES NEGATIVE NUMBERS.
R  INDICATES RECORD WAS SET OR TIED.
MM INDICATES DATA IS MISSING.
T  INDICATES TRACE AMOUNT.




$$
