000
CDUS45 KSLC 190016
CLISLC


CLIMATE REPORT
NATIONAL WEATHER SERVICE SALT LAKE CITY UT
616 PM MDT SAT APR 18 2015


...................................

...THE SALT LAKE CITY UT CLIMATE SUMMARY FOR APRIL 18 2015...
VALID TODAY AS OF 0500 PM LOCAL TIME.

CLIMATE NORMAL PERIOD 1981 TO 2010
CLIMATE RECORD PERIOD 1874 TO 2015


WEATHER ITEM   OBSERVED TIME   RECORD YEAR NORMAL DEPARTURE LAST
                VALUE   (LST)  VALUE       VALUE  FROM      YEAR
                                                  NORMAL
..................................................................
TEMPERATURE (F)
 TODAY
  MAXIMUM         67    451 PM  84    1962  62      5       66
  MINIMUM         41    442 AM  27    2013  40      1       47
                                      1941
  AVERAGE         54                        51      3       57

PRECIPITATION (IN)
  TODAY            0.00          1.07 1959   0.06  -0.06     0.00
  MONTH TO DATE    1.05                      1.18  -0.13     0.25
  SINCE OCT 1      4.94                      9.85  -4.91     7.14
  SINCE JAN 1      2.93                      5.47  -2.54     4.13

SNOWFALL (IN)
  TODAY            0.0           6.5  1972   0.1   -0.1      0.0
  MONTH TO DATE    5.8                       3.0    2.8       T
  SINCE OCT 1     15.4                      54.9  -39.5     35.5
  SINCE JUL 1     15.4                      54.9  -39.5     35.5
  SNOW DEPTH       0

DEGREE DAYS
 HEATING
  TODAY           11                        14     -3        8
  MONTH TO DATE  273                       289    -16      220
  SINCE MAR 1    739                       951   -212      707
  SINCE JUL 1   4086                      5207  -1121     4694

 COOLING
  TODAY            0                         0      0        0
  MONTH TO DATE    0                         0      0        0
  SINCE MAR 1      0                         0      0        0
  SINCE JAN 1      0                         0      0        0
..................................................................


WIND (MPH)
  RESULTANT WIND SPEED   2   RESULTANT WIND DIRECTION   W (290)
  HIGHEST WIND SPEED    16   HIGHEST WIND DIRECTION    NW (300)
  HIGHEST GUST SPEED    22   HIGHEST GUST DIRECTION    NW (310)
  AVERAGE WIND SPEED     5.2


SKY COVER
  POSSIBLE SUNSHINE  MM
  AVERAGE SKY COVER 0.0


WEATHER CONDITIONS
 THE FOLLOWING WEATHER WAS RECORDED TODAY.
  NO SIGNIFICANT WEATHER WAS OBSERVED.


RELATIVE HUMIDITY (PERCENT)
 HIGHEST    82           400 AM
 LOWEST     28           400 PM
 AVERAGE    55

..........................................................


THE SALT LAKE CITY UT CLIMATE NORMALS FOR TOMORROW
                         NORMAL    RECORD    YEAR
 MAXIMUM TEMPERATURE (F)   62        85      1962
 MINIMUM TEMPERATURE (F)   40        24      1982


SUNRISE AND SUNSET
APRIL 18 2015.........SUNRISE   645 AM MDT   SUNSET   810 PM MDT
APRIL 19 2015.........SUNRISE   643 AM MDT   SUNSET   811 PM MDT


-  INDICATES NEGATIVE NUMBERS.
R  INDICATES RECORD WAS SET OR TIED.
MM INDICATES DATA IS MISSING.
T  INDICATES TRACE AMOUNT.




$$
