000
CDUS46 KPQR 031141
CLISLE


CLIMATE REPORT
NATIONAL WEATHER SERVICE PORTLAND OREGON
440 AM PDT SUN MAY 3 2015


...................................

...THE SALEM OR CLIMATE SUMMARY FOR MAY 2 2015...

CLIMATE NORMAL PERIOD 1981 TO 2010
CLIMATE RECORD PERIOD 1892 TO 2015


WEATHER ITEM   OBSERVED TIME   RECORD YEAR NORMAL DEPARTURE LAST
                VALUE   (LST)  VALUE       VALUE  FROM      YEAR
                                                  NORMAL
..................................................................
TEMPERATURE (F)
 YESTERDAY
  MAXIMUM         70    547 PM  87    1946  65      5       73
  MINIMUM         44    324 AM  30    1952  42      2       48
  AVERAGE         57                        53      4       61

PRECIPITATION (IN)
  YESTERDAY        0.00          0.78 1975   0.07  -0.07     0.00
                                      1932
  MONTH TO DATE    0.00                      0.14  -0.14     0.00
  SINCE OCT 1     31.42                     33.85  -2.43    23.88
  SINCE JAN 1     13.88                     17.46  -3.58    19.30

DEGREE DAYS
 HEATING
  YESTERDAY        8                        12     -4        4
  MONTH TO DATE   13                        24    -11        4
  SINCE MAR 1    840                      1027   -187      845
  SINCE JUL 1   3310                      4267   -957     4131

 COOLING
  YESTERDAY        0                         0      0        0
  MONTH TO DATE    0                         0      0        4
  SINCE MAR 1      0                         0      0        5
  SINCE JAN 1      0                         0      0        5
..................................................................


WIND (MPH)
  HIGHEST WIND SPEED    16   HIGHEST WIND DIRECTION     N (20)
  HIGHEST GUST SPEED    22   HIGHEST GUST DIRECTION     N (10)
  AVERAGE WIND SPEED     8.4


SKY COVER
  POSSIBLE SUNSHINE  MM
  AVERAGE SKY COVER 0.3


WEATHER CONDITIONS
 THE FOLLOWING WEATHER WAS RECORDED YESTERDAY.
  NO SIGNIFICANT WEATHER WAS OBSERVED.


RELATIVE HUMIDITY (PERCENT)
 HIGHEST    86           500 AM
 LOWEST     33           600 PM
 AVERAGE    60

..........................................................


THE SALEM OR CLIMATE NORMALS FOR TODAY
                         NORMAL    RECORD    YEAR
 MAXIMUM TEMPERATURE (F)   65        86      1992
 MINIMUM TEMPERATURE (F)   42        32      1964
                                             1952
                                             1894


SUNRISE AND SUNSET
MAY  3 2015...........SUNRISE   559 AM PDT   SUNSET   820 PM PDT
MAY  4 2015...........SUNRISE   557 AM PDT   SUNSET   821 PM PDT


-  INDICATES NEGATIVE NUMBERS.
R  INDICATES RECORD WAS SET OR TIED.
MM INDICATES DATA IS MISSING.
T  INDICATES TRACE AMOUNT.




$$
