000
CDUS46 KSGX 261421
CLISNA


CLIMATE REPORT
NATIONAL WEATHER SERVICE SAN DIEGO, CA
721 AM PDT SUN APR 26 2015


...................................

...THE JOHN WAYNE AIRPORT CA CLIMATE SUMMARY FOR APRIL 25 2015...

CLIMATE NORMAL PERIOD 1981 TO 2010
CLIMATE RECORD PERIOD 1999 TO 2015


WEATHER ITEM   OBSERVED TIME   RECORD YEAR NORMAL DEPARTURE LAST
                VALUE   (LST)  VALUE       VALUE  FROM      YEAR
                                                  NORMAL
..................................................................
TEMPERATURE (F)
 YESTERDAY
  MAXIMUM         66   1237 PM  84    2008  70     -4       71
                                      2004
  MINIMUM         56   1159 PM  53    2010  55      1       55
                                      2008
  AVERAGE         61                        62     -1       63

PRECIPITATION (IN)
  YESTERDAY        0.01          0.18 2012   0.03  -0.02     0.12
  MONTH TO DATE    0.04                      0.75  -0.71     0.31
  SINCE OCT 1      5.78                     12.59  -6.81     3.51
  SINCE JAN 1      1.98                      8.51  -6.53     2.58

SNOWFALL (IN)
  YESTERDAY        0.0
  MONTH TO DATE    0.0
  SINCE MAR 1      0.0
  SINCE JUL 1      0.0
  SNOW DEPTH       0

DEGREE DAYS
 HEATING
  YESTERDAY        4                         3      1        2
  MONTH TO DATE   48                       106    -58       39
  SINCE MAR 1     73                       287   -214      108
  SINCE JUL 1    298                      1193   -895      598

 COOLING
  YESTERDAY        0                         1     -1        0
  MONTH TO DATE   15                         7      8       40
  SINCE MAR 1    120                        14    106       60
  SINCE JAN 1    192                        22    170       87
..................................................................


WIND (MPH)
  RESULTANT WIND SPEED   4   RESULTANT WIND DIRECTION  SW (240)
  HIGHEST WIND SPEED    18   HIGHEST WIND DIRECTION     W (260)
  HIGHEST GUST SPEED    28   HIGHEST GUST DIRECTION     W (270)
  AVERAGE WIND SPEED     5.5


SKY COVER
  POSSIBLE SUNSHINE  MM
  AVERAGE SKY COVER 0.8


WEATHER CONDITIONS
 THE FOLLOWING WEATHER WAS RECORDED YESTERDAY.
  LIGHT RAIN


RELATIVE HUMIDITY (PERCENT)
 HIGHEST    78           300 PM
 LOWEST     60          1100 AM
 AVERAGE    69

..........................................................


THE JOHN WAYNE AIRPORT CA CLIMATE NORMALS FOR TODAY
                         NORMAL    RECORD    YEAR
 MAXIMUM TEMPERATURE (F)   70        90      2004
 MINIMUM TEMPERATURE (F)   55        51      2009


SUNRISE AND SUNSET
APRIL 26 2015.........SUNRISE   608 AM PDT   SUNSET   731 PM PDT
APRIL 27 2015.........SUNRISE   607 AM PDT   SUNSET   732 PM PDT


-  INDICATES NEGATIVE NUMBERS.
R  INDICATES RECORD WAS SET OR TIED.
MM INDICATES DATA IS MISSING.
T  INDICATES TRACE AMOUNT.




$$
