000
CDAK48 PASN 261111
CLISNP

CLIMATE REPORT
NATIONAL WEATHER SERVICE ST PAUL, AK
311 AM AKDT SUN APR 26 2015

...................................
...THE ST PAUL AIRPORT CLIMATE SUMMARY FOR APRIL 25 2015...

CLIMATE NORMAL PERIOD  1981 TO  2010
CLIMATE RECORD PERIOD  1892 TO  2015

WEATHER ITEM   OBSERVED TIME    RECORD YEAR NORMAL DEPARTURE LAST
               VALUE    (LST)   VALUE       VALUE  FROM      YEAR
                                                   NORMAL
...................................................................
TEMPERATURE
YESTERDAY
 MAXIMUM            35  0437 PM    45  1979     36      -1     40
 MINIMUM            28  1159 PM     6  1976     28       0     34
 AVERAGE            32                          32       0     37

PRECIPITATION
(INCHES)
 YESTERDAY        0.04           0.55  1958   0.03    0.01   0.07
 MONTH TO DATE    1.16                        0.90    0.26   0.85
 SINCE MAR 1      1.84                        1.97   -0.13   2.05
 SINCE JAN 1      4.16                        4.85   -0.69   6.38

SNOWFALL
(INCHES)
 YESTERDAY         0.5            4.2  1963    0.1     0.4      T
 MONTH TO DATE     9.0                         5.1     3.9    1.0
 SINCE MAR 1      18.4                        13.1     5.3    9.4
 SINCE JUL 1      48.1                        58.1   -10.0   43.7
 SNOW DEPTH (IN)     T                                          T

DEGREE DAYS
 HEATING
  YESTERDAY         33                          33       0     28
  MONTH TO DATE    904                         908      -4    783
  SINCE MAR 1     2079                        2145     -66   2029
  SINCE JUL 1     8036                        9064   -1028   8475

 COOLING
  YESTERDAY          0                           0       0      0
  MONTH TO DATE      0                           0       0      0
  SINCE MAR 1        0                           0       0      0
  SINCE JAN 1        0                           0       0      0
...................................................................

WIND (MPH)
 HIGHEST WIND SPEED    31     HIGHEST WIND DIRECTION    320
 HIGHEST GUST SPEED    40     HIGHEST GUST DIRECTION    320
 AVERAGE WIND SPEED  22.9

SKY COVER
  POSSIBLE SUNSHINE    MM          AVERAGE SKY COVER     MM

WEATHER CONDITIONS
 THE FOLLOWING WEATHER WAS RECORDED YESTERDAY.
  FOG
  SNOW


RELATIVE HUMIDITY
 HIGHEST RH     MM PERCENT       MM
 LOWEST  RH     MM PERCENT       MM
 AVERAGE RH     MM PERCENT       MM
...................................................................

THE ST PAUL CLIMATE NORMALS FOR TODAY
                           NORMAL    RECORD   YEAR
 MAXIMUM TEMPERATURE (F)     36        42     1995
 MINIMUM TEMPERATURE (F)     28        -2     1976

SUNRISE AND SUNSET
 APR 26 2015..........SUNRISE  7:45 AM      SUNSET 10:55 PM
 APR 27 2015..........SUNRISE  7:42 AM      SUNSET 10:57 PM

-  INDICATES NEGATIVE NUMBERS.
R  INDICATES RECORD HAS BEEN SET OR TIED.
MM INDICATES DATA IS MISSING.
T  INDICATES TRACE OF PRECIPITATION.

&&
-------------------------------------------------------------------

AMOUNT OF DAYLIGHT TODAY  (HOUR:MIN)........15 HOURS 10 MINUTES
GAIN/LOSS SINCE YESTERDAY (HOUR:MIN:SEC)....+0:04:37

$$
HCH APR 15
