000
CDUS45 KPUB 061049
CLISPD


CLIMATE REPORT
NATIONAL WEATHER SERVICE PUEBLO
449 AM MDT WED MAY 6 2015


...................................

...THE SPRINGFIELD CO CLIMATE SUMMARY FOR MAY 5 2015...

CLIMATE NORMAL PERIOD 1981 TO 2010
CLIMATE RECORD PERIOD 9999 TO 9999


WEATHER ITEM   OBSERVED TIME   NORMAL DEPARTURE LAST
                VALUE   (LST)  VALUE  FROM      YEAR
                                      NORMAL
......................................................
TEMPERATURE (F)
 YESTERDAY
  MAXIMUM         64    323 PM  72     -8       88
  MINIMUM         47   1127 PM  43      4       49
  AVERAGE         56                            69

PRECIPITATION (IN)
  YESTERDAY        0.56          0.07   0.49     0.00
  MONTH TO DATE    0.63          0.30   0.33     0.00
  SINCE MAR 1      1.86          2.70  -0.84     1.37
  SINCE JAN 1      3.70          3.51   0.19     1.70

DEGREE DAYS
 HEATING
  YESTERDAY        9             8      1        0
  MONTH TO DATE   15            42    -27       37
  SINCE MAR 1   1005          1135   -130     1173
  SINCE JUL 1   4909          5141   -232     5170

 COOLING
  YESTERDAY        0             1     -1        4
  MONTH TO DATE    0             3     -3       10
  SINCE MAR 1      0             7     -7       16
  SINCE JAN 1      0             7     -7       16
......................................................


WIND (MPH)
  HIGHEST WIND SPEED    23   HIGHEST WIND DIRECTION     E (110)
  HIGHEST GUST SPEED    27   HIGHEST GUST DIRECTION     E (110)
  AVERAGE WIND SPEED    10.1


SKY COVER
  POSSIBLE SUNSHINE  MM



RELATIVE HUMIDITY (PERCENT)
 HIGHEST   100          1200 AM
 LOWEST     78           300 PM
 AVERAGE    89

..........................................................


THE SPRINGFIELD CO CLIMATE NORMALS FOR TODAY
                         NORMAL    RECORD    YEAR
 MAXIMUM TEMPERATURE (F)   73        MM        MM
 MINIMUM TEMPERATURE (F)   43        MM        MM


SUNRISE AND SUNSET
MAY  6 2015...........SUNRISE   550 AM MDT   SUNSET   744 PM MDT
MAY  7 2015...........SUNRISE   549 AM MDT   SUNSET   745 PM MDT


-  INDICATES NEGATIVE NUMBERS.
R  INDICATES RECORD WAS SET OR TIED.
MM INDICATES DATA IS MISSING.
T  INDICATES TRACE AMOUNT.




$$
