000
CDUS44 KOUN 062220
CLISPS

CLIMATE REPORT
NATIONAL WEATHER SERVICE NORMAN OK
515 PM CDT WED MAY 6 2015


...................................

...THE WICHITA FALLS CLIMATE SUMMARY FOR MAY 6 2015...
VALID TODAY AS OF 0500 PM LOCAL TIME.

CLIMATE NORMAL PERIOD 1981 TO 2010
CLIMATE RECORD PERIOD 1897 TO 2015


WEATHER ITEM   OBSERVED TIME   RECORD YEAR NORMAL DEPARTURE LAST
                VALUE   (LST)  VALUE       VALUE  FROM      YEAR
                                                  NORMAL
..................................................................
TEMPERATURE (F)
 TODAY
  MAXIMUM         84    358 PM  97    2014  81      3       97
  MINIMUM         64   1223 AM  42    1944  56      8       66
                                      1935
  AVERAGE         74                        69      5       82

PRECIPITATION (IN)
  TODAY            0.00          1.40 1919   0.11  -0.11     0.00
  MONTH TO DATE    2.58                      0.67   1.91     0.00
  SINCE JAN 1     10.69                      8.37   2.32     4.02

DEGREE DAYS
 COOLING
  TODAY            9                         5      4       17
  MONTH TO DATE   23                        27     -4       53
  SINCE JAN 1    103                       119    -16      159
..................................................................


WIND (MPH)
  HIGHEST WIND SPEED    26   HIGHEST WIND DIRECTION     S (180)
  HIGHEST GUST SPEED    33   HIGHEST GUST DIRECTION     S (180)
  AVERAGE WIND SPEED    17.5


SKY COVER
  AVERAGE SKY COVER 0.8


WEATHER CONDITIONS
 THE FOLLOWING WEATHER WAS RECORDED TODAY.
  NO SIGNIFICANT WEATHER WAS OBSERVED.


RELATIVE HUMIDITY (PERCENT)
 HIGHEST    93           100 AM
 LOWEST     59           300 PM
 AVERAGE    76

..........................................................


THE WICHITA FALLS CLIMATE NORMALS FOR TOMORROW
                         NORMAL    RECORD    YEAR
 MAXIMUM TEMPERATURE (F)   81       101      2000
 MINIMUM TEMPERATURE (F)   57        40      1960


SUNRISE AND SUNSET
MAY  6 2015...........SUNRISE   640 AM CDT   SUNSET   821 PM CDT
MAY  7 2015...........SUNRISE   639 AM CDT   SUNSET   822 PM CDT


-  INDICATES NEGATIVE NUMBERS.
R  INDICATES RECORD WAS SET OR TIED.
MM INDICATES DATA IS MISSING.
T  INDICATES TRACE AMOUNT.

$$
