000
CDUS43 KFSD 062225
CLISUX


CLIMATE REPORT
NATIONAL WEATHER SERVICE SIOUX FALLS SD
523 PM CDT WED MAY 6 2015


...................................

...THE SIOUX CITY IA CLIMATE SUMMARY FOR MAY 6 2015...
VALID TODAY AS OF 0500 PM LOCAL TIME.

CLIMATE NORMAL PERIOD 1981 TO 2010
CLIMATE RECORD PERIOD 1889 TO 2015


WEATHER ITEM   OBSERVED TIME   RECORD YEAR NORMAL DEPARTURE LAST
                VALUE   (LST)  VALUE       VALUE  FROM      YEAR
                                                  NORMAL
..................................................................
TEMPERATURE (F)
 TODAY
  MAXIMUM         74    107 PM 100    1934  70      4       78
  MINIMUM         63    649 AM  26    1944  45     18       49
  AVERAGE         69                        58     11       64

PRECIPITATION (IN)
  TODAY            0.09          1.40 1939   0.11  -0.02     0.00
  MONTH TO DATE    0.36                      0.68  -0.32      T
  SINCE MAR 1      3.77                      5.63  -1.86     2.45
  SINCE JAN 1      4.73                      6.92  -2.19     3.22

SNOWFALL (IN)
  TODAY            0.0           0.0    MM   0.0    0.0      0.0
  MONTH TO DATE    0.0                       0.1   -0.1      0.0
  SINCE MAR 1      T                         8.4   -8.4     10.0
  SINCE JUL 1     21.5                      34.9  -13.4     23.8
  SNOW DEPTH       0

DEGREE DAYS
 HEATING
  TODAY            0                         8     -8        1
  MONTH TO DATE   10                        55    -45       64
  SINCE MAR 1   1085                      1413   -328     1509
  SINCE JUL 1   6251                      6707   -456     7113

 COOLING
  TODAY            4                         1      3        0
  MONTH TO DATE   12                         6      6        0
  SINCE MAR 1     13                        17     -4        9
  SINCE JAN 1     13                        17     -4        9
..................................................................


WIND (MPH)
  HIGHEST WIND SPEED    29   HIGHEST WIND DIRECTION     S (170)
  HIGHEST GUST SPEED    36   HIGHEST GUST DIRECTION     S (160)
  AVERAGE WIND SPEED    15.6


SKY COVER
  POSSIBLE SUNSHINE  MM
  AVERAGE SKY COVER 0.8


WEATHER CONDITIONS
 THE FOLLOWING WEATHER WAS RECORDED TODAY.
  LIGHT RAIN
  FOG


RELATIVE HUMIDITY (PERCENT)
 HIGHEST    90           400 AM
 LOWEST     66           100 PM
 AVERAGE    78

..........................................................


THE SIOUX CITY IA CLIMATE NORMALS FOR TOMORROW
                         NORMAL    RECORD    YEAR
 MAXIMUM TEMPERATURE (F)   70        94      2014
 MINIMUM TEMPERATURE (F)   46        30      1976
                                             1954
                                             1907


SUNRISE AND SUNSET
MAY  6 2015...........SUNRISE   614 AM CDT   SUNSET   831 PM CDT
MAY  7 2015...........SUNRISE   613 AM CDT   SUNSET   832 PM CDT


-  INDICATES NEGATIVE NUMBERS.
R  INDICATES RECORD WAS SET OR TIED.
MM INDICATES DATA IS MISSING.
T  INDICATES TRACE AMOUNT.




$$
