000
CDUS41 KBGM 020602
CLISYR


CLIMATE REPORT
NATIONAL WEATHER SERVICE BINGHAMTON NY
159 AM EDT THU APR 2 2015


...................................

...THE SYRACUSE NY CLIMATE SUMMARY FOR APRIL 1 2015...

CLIMATE NORMAL PERIOD 1981 TO 2010
CLIMATE RECORD PERIOD 1902 TO 2015


WEATHER ITEM   OBSERVED TIME   RECORD YEAR NORMAL DEPARTURE LAST
                VALUE   (LST)  VALUE       VALUE  FROM      YEAR
                                                  NORMAL
..................................................................
TEMPERATURE (F)
 YESTERDAY
  MAXIMUM         41    308 PM  84    1986  50     -9       58
  MINIMUM         21    545 AM   7    1923  31    -10       25
  AVERAGE         31                        41    -10       42

PRECIPITATION (IN)
  YESTERDAY        0.00          1.73 1973   0.11  -0.11     0.00
  MONTH TO DATE    0.00                      0.11  -0.11     0.00
  SINCE MAR 1      1.49                      3.06  -1.57     3.48
  SINCE JAN 1      5.37                      7.63  -2.26     9.03

SNOWFALL (IN)
  YESTERDAY        0.0           4.8  1962   0.2   -0.2      0.0
  MONTH TO DATE    0.0                       0.2   -0.2      0.0
  SINCE MAR 1     12.3                      18.2   -5.9     21.7
  SINCE JUL 1    119.1                     120.1   -1.0    131.6
  SNOW DEPTH       0

DEGREE DAYS
 HEATING
  YESTERDAY       34                        24     10       23
  MONTH TO DATE   34                        24     10       23
  SINCE MAR 1   1203                       981    222     1234
  SINCE JUL 1   6427                      5812    615     6326

 COOLING
  YESTERDAY        0                         0      0        0
  MONTH TO DATE    0                         0      0        0
  SINCE MAR 1      0                         0      0        0
  SINCE JAN 1      0                         0      0        0
..................................................................


WIND (MPH)
  HIGHEST WIND SPEED    17   HIGHEST WIND DIRECTION     W (270)
  HIGHEST GUST SPEED    22   HIGHEST GUST DIRECTION     W (290)
  AVERAGE WIND SPEED     5.7


SKY COVER
  POSSIBLE SUNSHINE  MM
  AVERAGE SKY COVER 0.3


WEATHER CONDITIONS
 THE FOLLOWING WEATHER WAS RECORDED YESTERDAY.
  NO SIGNIFICANT WEATHER WAS OBSERVED.


RELATIVE HUMIDITY (PERCENT)
 HIGHEST    84           500 AM
 LOWEST     22           200 PM
 AVERAGE    53

..........................................................


THE SYRACUSE NY CLIMATE NORMALS FOR TODAY
                         NORMAL    RECORD    YEAR
 MAXIMUM TEMPERATURE (F)   51        87      2010
 MINIMUM TEMPERATURE (F)   32        16      1911


SUNRISE AND SUNSET
APRIL  2 2015.........SUNRISE   645 AM EDT   SUNSET   732 PM EDT
APRIL  3 2015.........SUNRISE   643 AM EDT   SUNSET   733 PM EDT


-  INDICATES NEGATIVE NUMBERS.
R  INDICATES RECORD WAS SET OR TIED.
MM INDICATES DATA IS MISSING.
T  INDICATES TRACE AMOUNT.

$$
