000
CDUS44 KBMX 040939
CLITCL


CLIMATE REPORT
NATIONAL WEATHER SERVICE BIRMINGHAM, AL
436 AM CDT MON MAY 4 2015


...................................

...THE TUSCALOOSA CLIMATE SUMMARY FOR MAY 3 2015...

CLIMATE NORMAL PERIOD 1994 TO 1994
CLIMATE RECORD PERIOD 1994 TO 2015


WEATHER ITEM   OBSERVED TIME   RECORD YEAR NORMAL DEPARTURE LAST
                VALUE   (LST)  VALUE       VALUE  FROM      YEAR
                                                  NORMAL
..................................................................
TEMPERATURE (F)
 YESTERDAY
  MAXIMUM         82    303 PM  92    1952  80      2       80
  MINIMUM         50    459 AM  41    1961  56     -6       46
  AVERAGE         66                        68     -2       63

PRECIPITATION (IN)
  YESTERDAY        0.00          1.53 2013   0.13  -0.13     0.00
  MONTH TO DATE    0.00                      0.37  -0.37     0.00
  SINCE MAR 1     12.51                      9.12   3.39    15.74
  SINCE JAN 1     23.26                     19.79   3.47    23.46

..................................................................


WIND (MPH)
  HIGHEST WIND SPEED    13   HIGHEST WIND DIRECTION    SW (210)
  HIGHEST GUST SPEED    19   HIGHEST GUST DIRECTION     S (200)
  AVERAGE WIND SPEED     3.5


SKY COVER
  AVERAGE SKY COVER 0.0


WEATHER CONDITIONS
 THE FOLLOWING WEATHER WAS RECORDED YESTERDAY.
  FOG
  HAZE


RELATIVE HUMIDITY (PERCENT)
 HIGHEST    96           300 AM
 LOWEST     30          1200 PM
 AVERAGE    63

..........................................................


THE TUSCALOOSA CLIMATE NORMALS FOR TODAY
                         NORMAL    RECORD    YEAR
 MAXIMUM TEMPERATURE (F)   81        92      1959
                                             1955
 MINIMUM TEMPERATURE (F)   56        36      1976


SUNRISE AND SUNSET
MAY  4 2015...........SUNRISE   600 AM CDT   SUNSET   735 PM CDT
MAY  5 2015...........SUNRISE   559 AM CDT   SUNSET   736 PM CDT


-  INDICATES NEGATIVE NUMBERS.
R  INDICATES RECORD WAS SET OR TIED.
MM INDICATES DATA IS MISSING.
T  INDICATES TRACE AMOUNT.




$$
