000
CDUS43 KAPX 280537
CLITVC


CLIMATE REPORT
NATIONAL WEATHER SERVICE GAYLORD MI
137 AM EDT TUE APR 28 2015


...................................

...THE TRAVERSE CITY MI CLIMATE SUMMARY FOR APRIL 27 2015...

CLIMATE NORMAL PERIOD 1981 TO 2010
CLIMATE RECORD PERIOD 1896 TO 2015


WEATHER ITEM   OBSERVED TIME   RECORD YEAR NORMAL DEPARTURE LAST
                VALUE   (LST)  VALUE       VALUE  FROM      YEAR
                                                  NORMAL
..................................................................
TEMPERATURE (F)
 YESTERDAY
  MAXIMUM         53    335 PM  88    1986  59     -6       56
  MINIMUM         39   1159 PM  22    1909  36      3       28
  AVERAGE         46                        47     -1       42

PRECIPITATION (IN)
  YESTERDAY        0.00          0.85 1995   0.08  -0.08     0.00
  MONTH TO DATE    1.41                      2.52  -1.11     3.28
  SINCE MAR 1      1.93                      4.38  -2.45     4.20
  SINCE JAN 1      2.71                      8.70  -5.99     5.62

DEGREE DAYS
 HEATING
  YESTERDAY       19                        18      1       23
  MONTH TO DATE  586                       614    -28      662
  SINCE MAR 1   1669                      1676     -7     1993
  SINCE JUL 1   7401                      7016    385     7715

 COOLING
  YESTERDAY        0                         0      0        0
  MONTH TO DATE    0                         0      0        0
  SINCE MAR 1      0                         0      0        0
  SINCE JAN 1      0                         0      0        0
..................................................................


WIND (MPH)
  HIGHEST WIND SPEED    17   HIGHEST WIND DIRECTION     N (350)
  HIGHEST GUST SPEED    23   HIGHEST GUST DIRECTION    NE (30)
  AVERAGE WIND SPEED     8.9




RELATIVE HUMIDITY (PERCENT)
 HIGHEST    73
 LOWEST     48
 AVERAGE    61

..........................................................


THE TRAVERSE CITY MI CLIMATE NORMALS FOR TODAY
                         NORMAL    RECORD    YEAR
 MAXIMUM TEMPERATURE (F)   60        88      1990
 MINIMUM TEMPERATURE (F)   36        21      1928


SUNRISE AND SUNSET
APRIL 28 2015.........SUNRISE   637 AM EDT   SUNSET   843 PM EDT
APRIL 29 2015.........SUNRISE   636 AM EDT   SUNSET   844 PM EDT


-  INDICATES NEGATIVE NUMBERS.
R  INDICATES RECORD WAS SET OR TIED.
MM INDICATES DATA IS MISSING.
T  INDICATES TRACE AMOUNT.




$$
