000
CDUS44 KJAN 270838
CLITVR


CLIMATE REPORT
NATIONAL WEATHER SERVICE JACKSON MS
329 AM CDT MON APR 27 2015


...................................

...THE VICKSBURG CLIMATE SUMMARY FOR APRIL 26 2015...

CLIMATE NORMAL PERIOD 1981 TO 2010
CLIMATE RECORD PERIOD 1948 TO 2015


WEATHER ITEM   OBSERVED TIME   RECORD YEAR NORMAL DEPARTURE LAST
                VALUE   (LST)  VALUE       VALUE  FROM      YEAR
                                                  NORMAL
..................................................................
TEMPERATURE (F)
 YESTERDAY
  MAXIMUM         86    149 PM  89    2014  79      7       89
  MINIMUM         61    539 AM  42    1992  56      5       52
  AVERAGE         74                        67      7       71

PRECIPITATION (IN)
  YESTERDAY        0.00          2.70 1980   0.16  -0.16     0.00
  MONTH TO DATE    5.88                      4.34   1.54    12.21
  SINCE MAR 1     10.12                      9.37   0.75    18.14
  SINCE JAN 1     21.37                     19.71   1.66    23.56

SNOWFALL (IN)
  YESTERDAY        0.0

DEGREE DAYS
 HEATING
  YESTERDAY        0                         2     -2        0
  MONTH TO DATE   28                        95    -67       80
  SINCE MAR 1    251                       360   -109      448
  SINCE JUL 1   2509                      2336    173     2857

 COOLING
  YESTERDAY        9                         4      5        6
  MONTH TO DATE  131                        69     62       76
  SINCE MAR 1    153                        92     61       83
  SINCE JAN 1    153                       101     52       90
..................................................................


WIND (MPH)
  HIGHEST WIND SPEED    15   HIGHEST WIND DIRECTION     N (20)
  HIGHEST GUST SPEED    19   HIGHEST GUST DIRECTION    NE (30)
  AVERAGE WIND SPEED     4.7


SKY COVER
  POSSIBLE SUNSHINE  MM
  AVERAGE SKY COVER 0.0


WEATHER CONDITIONS
 THE FOLLOWING WEATHER WAS RECORDED YESTERDAY.
  FOG
  FOG W/VISIBILITY <= 1/4 MILE


RELATIVE HUMIDITY (PERCENT)
 HIGHEST   100           600 AM
 LOWEST     51          1200 PM
 AVERAGE    76

..........................................................


THE VICKSBURG CLIMATE NORMALS FOR TODAY
                         NORMAL    RECORD    YEAR
 MAXIMUM TEMPERATURE (F)   79        90      2014
 MINIMUM TEMPERATURE (F)   56        42      1992


SUNRISE AND SUNSET
APRIL 27 2015.........SUNRISE   622 AM CDT   SUNSET   742 PM CDT
APRIL 28 2015.........SUNRISE   621 AM CDT   SUNSET   743 PM CDT


-  INDICATES NEGATIVE NUMBERS.
R  INDICATES RECORD WAS SET OR TIED.
MM INDICATES DATA IS MISSING.
T  INDICATES TRACE AMOUNT.




$$
