000
CDUS43 KSGF 180645
CLIVIH


CLIMATE REPORT
NATIONAL WEATHER SERVICE SPRINGFIELD MO
143 AM CDT SAT APR 18 2015


...................................

...THE VICHY-ROLLA MO CLIMATE SUMMARY FOR APRIL 17 2015...

CLIMATE NORMAL PERIOD 1981 TO 2010
CLIMATE RECORD PERIOD 1888 TO 2015


WEATHER ITEM   OBSERVED TIME   RECORD YEAR NORMAL DEPARTURE LAST
                VALUE   (LST)  VALUE       VALUE  FROM      YEAR
                                                  NORMAL
..................................................................
TEMPERATURE (F)
 YESTERDAY
  MAXIMUM         79    354 PM  86    2004  67     12       63
  MINIMUM         53    542 AM  25    1904  44      9       40
  AVERAGE         66                        56     10       52

PRECIPITATION (IN)
  YESTERDAY        T             2.91 1957   0.14  -0.14     0.00
  MONTH TO DATE    1.44                      2.28  -0.84     2.14
  SINCE MAR 1      4.46                      5.73  -1.27     2.85
  SINCE JAN 1      6.74                      9.83  -3.09     4.31

DEGREE DAYS
 HEATING
  YESTERDAY        0                        10    -10       13
  MONTH TO DATE   99                       209   -110      225
  SINCE MAR 1    711                       823   -112      976
  SINCE JUL 1   4828                      4613    215     5282

 COOLING
  YESTERDAY        1                         1      0        0
  MONTH TO DATE   12                        11      1        7
  SINCE MAR 1     12                        15     -3        7
  SINCE JAN 1     12                        15     -3        7
..................................................................


WIND (MPH)
  HIGHEST WIND SPEED    16   HIGHEST WIND DIRECTION    SE (120)
  HIGHEST GUST SPEED    19   HIGHEST GUST DIRECTION     E (100)
  AVERAGE WIND SPEED     6.0


SKY COVER
  AVERAGE SKY COVER 0.2


WEATHER CONDITIONS
 THE FOLLOWING WEATHER WAS RECORDED YESTERDAY.
  NO SIGNIFICANT WEATHER WAS OBSERVED.


RELATIVE HUMIDITY (PERCENT)
 HIGHEST    93           400 AM
 LOWEST     42           200 PM
 AVERAGE    68

..........................................................


THE VICHY-ROLLA MO CLIMATE NORMALS FOR TODAY
                         NORMAL    RECORD    YEAR
 MAXIMUM TEMPERATURE (F)   68        88      2006
                                             1899
 MINIMUM TEMPERATURE (F)   45        25      1953


SUNRISE AND SUNSET
APRIL 18 2015.........SUNRISE   628 AM CDT   SUNSET   746 PM CDT
APRIL 19 2015.........SUNRISE   626 AM CDT   SUNSET   747 PM CDT


-  INDICATES NEGATIVE NUMBERS.
R  INDICATES RECORD WAS SET OR TIED.
MM INDICATES DATA IS MISSING.
T  INDICATES TRACE AMOUNT.




$$
