000
CDUS43 KLOT 260636
CLIVPZ


CLIMATE REPORT
NATIONAL WEATHER SERVICE CHICAGO IL
136 AM CDT SUN APR 26 2015


...................................

...THE VALPARAISO CLIMATE SUMMARY FOR APRIL 25 2015...

CLIMATE NORMAL PERIOD 1981 TO 2010
CLIMATE RECORD PERIOD 1998 TO 2015


WEATHER ITEM   OBSERVED TIME   RECORD YEAR NORMAL DEPARTURE LAST
                VALUE   (LST)  VALUE       VALUE  FROM      YEAR
                                                  NORMAL
..................................................................
TEMPERATURE (F)
 YESTERDAY
  MAXIMUM         47    404 PM  82    2008  64    -17       68
  MINIMUM         37   1159 PM  33    2005  42     -5       45
                                      1999
  AVERAGE         42                        53    -11       57

PRECIPITATION (IN)
  YESTERDAY        0.56          1.87 2007   0.13   0.43     0.07
  MONTH TO DATE    2.15                      2.78  -0.63     1.97
  SINCE MAR 1      2.77                      5.26  -2.49     2.76
  SINCE JAN 1      4.38                      8.43  -4.05     5.39

DEGREE DAYS
 HEATING
  YESTERDAY       23                        13     10        8
  MONTH TO DATE  347                       423    -76      451
  SINCE MAR 1   1310                      1268     42     1451
  SINCE JUL 1   6568                      6000    568     6900

 COOLING
  YESTERDAY        0                         0      0        0
  MONTH TO DATE    0                         0      0        0
  SINCE MAR 1      0                         0      0        0
  SINCE JAN 1      0                         0      0        0
..................................................................


WIND (MPH)
  RESULTANT WIND SPEED  13   RESULTANT WIND DIRECTION   E (80)
  HIGHEST WIND SPEED    29   HIGHEST WIND DIRECTION     E (70)
  HIGHEST GUST SPEED    35   HIGHEST GUST DIRECTION    NE (60)
  AVERAGE WIND SPEED    12.7



WEATHER CONDITIONS
 THE FOLLOWING WEATHER WAS RECORDED YESTERDAY.
  RAIN
  LIGHT RAIN
  FOG


..........................................................


THE VALPARAISO CLIMATE NORMALS FOR TODAY
                         NORMAL    RECORD    YEAR
 MAXIMUM TEMPERATURE (F)   64        83      2009
 MINIMUM TEMPERATURE (F)   42        32      2013


SUNRISE AND SUNSET
APRIL 26 2015.........SUNRISE   552 AM CDT   SUNSET   740 PM CDT
APRIL 27 2015.........SUNRISE   551 AM CDT   SUNSET   741 PM CDT


-  INDICATES NEGATIVE NUMBERS.
R  INDICATES RECORD WAS SET OR TIED.
MM INDICATES DATA IS MISSING.
T  INDICATES TRACE AMOUNT.




$$
