000
CDUS42 KMLB 070635
CLIVRB


CLIMATE REPORT
NATIONAL WEATHER SERVICE MELBOURNE FL
235 AM EDT THU MAY 7 2015


...................................

...THE VERO BEACH CLIMATE SUMMARY FOR MAY 6 2015...

CLIMATE NORMAL PERIOD 1981 TO 2010
CLIMATE RECORD PERIOD 1942 TO 2015


WEATHER ITEM   OBSERVED TIME   RECORD YEAR NORMAL DEPARTURE LAST
                VALUE   (LST)  VALUE       VALUE  FROM      YEAR
                                                  NORMAL
..................................................................
TEMPERATURE (F)
 YESTERDAY
  MAXIMUM         82    255 PM  94    1947  83     -1       84
  MINIMUM         66   1155 PM  52    1973  65      1       57
                                      1945
  AVERAGE         74                        74      0       71

PRECIPITATION (IN)
  YESTERDAY        0.04          0.74 2007   0.08  -0.04     0.00
  MONTH TO DATE    0.09                      0.47  -0.38     1.63
  SINCE MAR 1      7.19                      7.31  -0.12     5.60
  SINCE JAN 1     10.82                     12.48  -1.66    12.15

SNOWFALL (IN)
  YESTERDAY        0.0
  MONTH TO DATE    0.0
  SINCE JUL 1      0.0

DEGREE DAYS
 HEATING
  YESTERDAY        0                         0      0        0
  MONTH TO DATE    0                         0      0        0
  SINCE MAR 1     12                        70    -58       33
  SINCE JUL 1    384                       455    -71      268

 COOLING
  YESTERDAY        9                         9      0        6
  MONTH TO DATE   51                        53     -2       58
  SINCE MAR 1    659                       372    287      408
  SINCE JAN 1    784                       511    273      616
..................................................................


WIND (MPH)
  HIGHEST WIND SPEED    18   HIGHEST WIND DIRECTION     N (350)
  HIGHEST GUST SPEED    23   HIGHEST GUST DIRECTION    NE (30)
  AVERAGE WIND SPEED     7.3


SKY COVER
  AVERAGE SKY COVER 0.4


WEATHER CONDITIONS
 THE FOLLOWING WEATHER WAS RECORDED YESTERDAY.
  NO SIGNIFICANT WEATHER WAS OBSERVED.


RELATIVE HUMIDITY (PERCENT)
 HIGHEST    90           200 AM
 LOWEST     54           100 PM
 AVERAGE    72

..........................................................


THE VERO BEACH CLIMATE NORMALS FOR TODAY
                         NORMAL    RECORD    YEAR
 MAXIMUM TEMPERATURE (F)   84        93      1947
 MINIMUM TEMPERATURE (F)   66        52      2013


SUNRISE AND SUNSET
MAY  7 2015...........SUNRISE   638 AM EDT   SUNSET   759 PM EDT
MAY  8 2015...........SUNRISE   637 AM EDT   SUNSET   759 PM EDT


-  INDICATES NEGATIVE NUMBERS.
R  INDICATES RECORD WAS SET OR TIED.
MM INDICATES DATA IS MISSING.
T  INDICATES TRACE AMOUNT.




$$
