000
CDUS41 KBTV 190536
CLIVSF


CLIMATE REPORT
NATIONAL WEATHER SERVICE BURLINGTON VT
135 AM EDT SUN APR 19 2015


...................................

...THE SPRINGFIELD VT CLIMATE SUMMARY FOR APRIL 18 2015...

CLIMATE NORMAL PERIOD 1981 TO 2010
CLIMATE RECORD PERIOD 9999 TO 9999


WEATHER ITEM   OBSERVED TIME   NORMAL DEPARTURE LAST
                VALUE   (LST)  VALUE  FROM      YEAR
                                      NORMAL
......................................................
TEMPERATURE (F)
 YESTERDAY
  MAXIMUM         67    159 PM  57     10       49
  MINIMUM         34    541 AM  34      0       20
  AVERAGE         51            46      5       35

PRECIPITATION (IN)
  YESTERDAY        0.02          0.10  -0.08     0.00
  MONTH TO DATE    0.94          2.40  -1.46     1.94
  SINCE MAR 1      1.79          5.70  -3.91     3.96
  SINCE JAN 1      5.94         11.31  -5.37     7.65

DEGREE DAYS
 HEATING
  YESTERDAY       14            20     -6       30
  MONTH TO DATE  424           422      2      419
  SINCE MAR 1   1623          1457    166     1691
  SINCE JUL 1   7175          6902    273     7402

 COOLING
  YESTERDAY        0             0      0        0
  MONTH TO DATE    0             0      0        0
  SINCE MAR 1      0             0      0        0
  SINCE JAN 1      0             0      0        0
......................................................


WIND (MPH)
  HIGHEST WIND SPEED    16   HIGHEST WIND DIRECTION     N (340)
  HIGHEST GUST SPEED    23   HIGHEST GUST DIRECTION     N (360)
  AVERAGE WIND SPEED     4.6


SKY COVER
  AVERAGE SKY COVER 0.2


WEATHER CONDITIONS
 THE FOLLOWING WEATHER WAS RECORDED YESTERDAY.
  RAIN
  FOG


RELATIVE HUMIDITY (PERCENT)
 HIGHEST   100           300 AM
 LOWEST     29           600 PM
 AVERAGE    65

..........................................................


THE SPRINGFIELD VT CLIMATE NORMALS FOR TODAY
                         NORMAL    RECORD    YEAR
 MAXIMUM TEMPERATURE (F)   58        88      2004
 MINIMUM TEMPERATURE (F)   34        25      2001


SUNRISE AND SUNSET
APRIL 19 2015.........SUNRISE   602 AM EDT   SUNSET   737 PM EDT
APRIL 20 2015.........SUNRISE   600 AM EDT   SUNSET   739 PM EDT


-  INDICATES NEGATIVE NUMBERS.
R  INDICATES RECORD WAS SET OR TIED.
MM INDICATES DATA IS MISSING.
T  INDICATES TRACE AMOUNT.




$$
