000
CDUS46 KPQR 020222
CLIVUO


CLIMATE REPORT
NATIONAL WEATHER SERVICE PORTLAND OREGON
721 PM PDT WED APR 1 2015


...................................

...THE VANCOUVER WA CLIMATE SUMMARY FOR APRIL 1 2015...
VALID TODAY AS OF 0700 PM LOCAL TIME.

CLIMATE NORMAL PERIOD 1981 TO 2010
CLIMATE RECORD PERIOD 1891 TO 2015


WEATHER ITEM   OBSERVED TIME   RECORD YEAR NORMAL DEPARTURE LAST
                VALUE   (LST)  VALUE       VALUE  FROM      YEAR
                                                  NORMAL
..................................................................
TEMPERATURE (F)
 TODAY
  MAXIMUM         54    133 PM  79    1992  59     -5       51
  MINIMUM         40    629 AM  26    2008  42     -2       45
  AVERAGE         47                        50     -3       48

PRECIPITATION (IN)
  TODAY            0.14                      0.11   0.03     0.16
  MONTH TO DATE    0.14                      0.11   0.03     0.16
  SINCE OCT 1     27.23                     28.96  -1.73    19.04
  SINCE JAN 1     12.34                     13.21  -0.87    13.57

DEGREE DAYS
 HEATING
  TODAY           18                                        17
  MONTH TO DATE   18                                        17
  SINCE MAR 1    450                                       536
  SINCE JUL 1   3102                                      3999

 COOLING
  TODAY            0                                         0
  MONTH TO DATE    0                                         0
  SINCE MAR 1      0                                         0
  SINCE JAN 1      0                                         0
..................................................................


WIND (MPH)
  HIGHEST WIND SPEED    17   HIGHEST WIND DIRECTION    NW (320)
  HIGHEST GUST SPEED    25   HIGHEST GUST DIRECTION     W (290)
  AVERAGE WIND SPEED     2.2


SKY COVER
  POSSIBLE SUNSHINE  MM
  AVERAGE SKY COVER 0.6


WEATHER CONDITIONS
 THE FOLLOWING WEATHER WAS RECORDED TODAY.
  LIGHT RAIN
  FOG


RELATIVE HUMIDITY (PERCENT)
 HIGHEST    96           700 AM
 LOWEST     59          1200 PM
 AVERAGE    78

..........................................................


THE VANCOUVER WA CLIMATE NORMALS FOR TOMORROW
                         NORMAL    RECORD    YEAR
 MAXIMUM TEMPERATURE (F)   59        80      1944
 MINIMUM TEMPERATURE (F)   42        26      1972


SUNRISE AND SUNSET
APRIL  1 2015.........SUNRISE   651 AM PDT   SUNSET   739 PM PDT
APRIL  2 2015.........SUNRISE   649 AM PDT   SUNSET   740 PM PDT


-  INDICATES NEGATIVE NUMBERS.
R  INDICATES RECORD WAS SET OR TIED.
MM INDICATES DATA IS MISSING.
T  INDICATES TRACE AMOUNT.




$$
