000
CDUS46 KPQR 210221
CLIVUO


CLIMATE REPORT
NATIONAL WEATHER SERVICE PORTLAND OREGON
721 PM PDT MON APR 20 2015


...................................

...THE VANCOUVER WA CLIMATE SUMMARY FOR APRIL 20 2015...
VALID TODAY AS OF 0700 PM LOCAL TIME.

CLIMATE NORMAL PERIOD 1981 TO 2010
CLIMATE RECORD PERIOD 1891 TO 2015


WEATHER ITEM   OBSERVED TIME   RECORD YEAR NORMAL DEPARTURE LAST
                VALUE   (LST)  VALUE       VALUE  FROM      YEAR
                                                  NORMAL
..................................................................
TEMPERATURE (F)
 TODAY
  MAXIMUM         80    455 PM  90    1906  62     18       64
  MINIMUM         43    541 AM  28    1967  43      0       41
  AVERAGE         62                        52     10       53

PRECIPITATION (IN)
  TODAY            0.00                      0.11  -0.11     0.00
  MONTH TO DATE    1.54                      2.07  -0.53     1.31
  SINCE OCT 1     28.63                     30.92  -2.29    20.19
  SINCE JAN 1     13.74                     15.17  -1.43    14.72

DEGREE DAYS
 HEATING
  TODAY            3                                        12
  MONTH TO DATE  287                                       245
  SINCE MAR 1    719                                       764
  SINCE JUL 1   3371                                      4227

 COOLING
  TODAY            0                                         0
  MONTH TO DATE    0                                         0
  SINCE MAR 1      0                                         0
  SINCE JAN 1      0                                         0
..................................................................


WIND (MPH)
  HIGHEST WIND SPEED    12   HIGHEST WIND DIRECTION     W (290)
  HIGHEST GUST SPEED    15   HIGHEST GUST DIRECTION     W (290)
  AVERAGE WIND SPEED     3.3


SKY COVER
  POSSIBLE SUNSHINE  MM
  AVERAGE SKY COVER 0.0


WEATHER CONDITIONS
 THE FOLLOWING WEATHER WAS RECORDED TODAY.
  NO SIGNIFICANT WEATHER WAS OBSERVED.


RELATIVE HUMIDITY (PERCENT)
 HIGHEST    89           600 AM
 LOWEST     20           500 PM
 AVERAGE    55

..........................................................


THE VANCOUVER WA CLIMATE NORMALS FOR TOMORROW
                         NORMAL    RECORD    YEAR
 MAXIMUM TEMPERATURE (F)   62        88      1947
 MINIMUM TEMPERATURE (F)   43        30      1976


SUNRISE AND SUNSET
APRIL 20 2015.........SUNRISE   616 AM PDT   SUNSET   803 PM PDT
APRIL 21 2015.........SUNRISE   615 AM PDT   SUNSET   805 PM PDT


-  INDICATES NEGATIVE NUMBERS.
R  INDICATES RECORD WAS SET OR TIED.
MM INDICATES DATA IS MISSING.
T  INDICATES TRACE AMOUNT.




$$
