000
CDUS41 KAKQ 012127
CLIWAL


CLIMATE REPORT
NATIONAL WEATHER SERVICE WAKEFIELD, VA
526 PM EDT WED APR 1 2015


...................................

...THE WALLOPS ISLAND VA CLIMATE SUMMARY FOR APRIL 1 2015...
VALID TODAY AS OF 0500 PM LOCAL TIME.

CLIMATE NORMAL PERIOD 1981 TO 2010
CLIMATE RECORD PERIOD 1963 TO 2015


WEATHER ITEM   OBSERVED TIME   RECORD YEAR NORMAL DEPARTURE
                VALUE   (LST)  VALUE       VALUE  FROM
                                                  NORMAL
...............................................................
TEMPERATURE (F)
 TODAY
  MAXIMUM         54   1257 PM  76    2006  59     -5
  MINIMUM         35    606 AM  30    1987  41     -6
  AVERAGE         45

PRECIPITATION (IN)
  TODAY            0.00          0.68 1993   0.12  -0.12
  MONTH TO DATE    0.00                      0.12  -0.12
  SINCE MAR 1      3.38                      4.12  -0.74
  SINCE JAN 1     11.17                      9.92   1.25

SNOWFALL (IN)
  TODAY            0.0           0.0    MM
  MONTH TO DATE    0.0
  SINCE NOV 1     11.3
  SINCE JUL 1     11.3
  SNOW DEPTH       0

DEGREE DAYS
 HEATING
  TODAY           20

 COOLING
  TODAY            0
...............................................................


WIND (MPH)
  HIGHEST WIND SPEED    22   HIGHEST WIND DIRECTION     N (10)
  HIGHEST GUST SPEED    32   HIGHEST GUST DIRECTION    NE (30)




RELATIVE HUMIDITY (PERCENT)
 HIGHEST    82
 LOWEST     32
 AVERAGE    57

..........................................................


THE WALLOPS ISLAND VA CLIMATE NORMALS FOR TOMORROW
                         NORMAL    RECORD    YEAR
 MAXIMUM TEMPERATURE (F)   59        80      2007
 MINIMUM TEMPERATURE (F)   41        30      1985


SUNRISE AND SUNSET
APRIL  1 2015.........SUNRISE   647 AM EDT   SUNSET   725 PM EDT
APRIL  2 2015.........SUNRISE   646 AM EDT   SUNSET   726 PM EDT


-  INDICATES NEGATIVE NUMBERS.
R  INDICATES RECORD WAS SET OR TIED.
MM INDICATES DATA IS MISSING.
T  INDICATES TRACE AMOUNT.




$$
