000
CDUS46 KLOX 270112
CLIWJF


CLIMATE REPORT
NATIONAL WEATHER SERVICE LOS ANGELES/OXNARD CA
612 PM PDT SUN APR 26 2015


...................................

...THE LANCASTER CLIMATE SUMMARY FOR APRIL 26 2015...
VALID TODAY AS OF 0600 PM LOCAL TIME.

CLIMATE NORMAL PERIOD 1981 TO 2010
CLIMATE RECORD PERIOD 1948 TO 2015


WEATHER ITEM   OBSERVED TIME   RECORD YEAR NORMAL DEPARTURE LAST
                VALUE   (LST)  VALUE       VALUE  FROM      YEAR
                                                  NORMAL
..................................................................
TEMPERATURE (F)
 TODAY
  MAXIMUM         72    144 PM  94    1996  76     -4       57
  MINIMUM         46    531 AM  33    1952  48     -2       38
  AVERAGE         59                        62     -3       48

PRECIPITATION (IN)
  TODAY            0.00          0.30 1963   0.01  -0.01      T
  MONTH TO DATE    0.01                      0.32  -0.31     0.23
  SINCE OCT 1      4.33                      6.87  -2.54     3.91
  SINCE JAN 1      1.41                      4.74  -3.33     2.32

SNOWFALL (IN)
  TODAY            0.0           0.0    MM   0.0            MM
  MONTH TO DATE    0.0                       0.0             0.0
  SINCE MAR 1      0.0                       0.0             0.0
  SINCE JUL 1      0.0                       2.3             0.0
  SNOW DEPTH       0

DEGREE DAYS
 HEATING
  TODAY            6                         5      1       17
  MONTH TO DATE  177                       191    -14      141
  SINCE MAR 1    395                       559   -164      428
  SINCE JUL 1   2264                      2852   -588     2665

 COOLING
  TODAY            0                         2     -2        0
  MONTH TO DATE    8                        19    -11       22
  SINCE MAR 1     14                        21     -7       22
  SINCE JAN 1     14                        21     -7       28
..................................................................


WIND (MPH)
  HIGHEST WIND SPEED    28   HIGHEST WIND DIRECTION     W (270)
  HIGHEST GUST SPEED    35   HIGHEST GUST DIRECTION     W (260)
  AVERAGE WIND SPEED    15.9


SKY COVER
  POSSIBLE SUNSHINE  MM
  AVERAGE SKY COVER 0.0


WEATHER CONDITIONS
 THE FOLLOWING WEATHER WAS RECORDED TODAY.
  NO SIGNIFICANT WEATHER WAS OBSERVED.


RELATIVE HUMIDITY (PERCENT)
 HIGHEST    65           500 AM
 LOWEST     25           100 PM
 AVERAGE    45

..........................................................


THE LANCASTER CLIMATE NORMALS FOR TOMORROW
                         NORMAL    RECORD    YEAR
 MAXIMUM TEMPERATURE (F)   76        95      2004
 MINIMUM TEMPERATURE (F)   48        32      1971


SUNRISE AND SUNSET
APRIL 26 2015.........SUNRISE   608 AM PDT   SUNSET   734 PM PDT
APRIL 27 2015.........SUNRISE   607 AM PDT   SUNSET   735 PM PDT


-  INDICATES NEGATIVE NUMBERS.
R  INDICATES RECORD WAS SET OR TIED.
MM INDICATES DATA IS MISSING.
T  INDICATES TRACE AMOUNT.




$$
