000
CDUS45 KLKN 040938
CLIWMC


CLIMATE REPORT
NATIONAL WEATHER SERVICE ELKO NV
237 AM PDT MON MAY 4 2015


...................................

...THE WINNEMUCCA AIRPORT NV CLIMATE SUMMARY FOR MAY 3 2015...

CLIMATE NORMAL PERIOD 1981 TO 2010
CLIMATE RECORD PERIOD 1877 TO 2015


WEATHER ITEM   OBSERVED TIME   RECORD YEAR NORMAL DEPARTURE LAST
                VALUE   (LST)  VALUE       VALUE  FROM      YEAR
                                                  NORMAL
..................................................................
TEMPERATURE (F)
 YESTERDAY
  MAXIMUM         79    415 PM  90    1947  68     11       82
  MINIMUM         42    501 AM  16    1959  35      7       38
  AVERAGE         61                        51     10       60

PRECIPITATION (IN)
  YESTERDAY        0.00          0.78 1930   0.04  -0.04     0.00
  MONTH TO DATE    0.00                      0.12  -0.12     0.00
  SINCE OCT 1      5.74                      5.85  -0.11     5.84
  SINCE JAN 1      3.17                      3.37  -0.20     3.18

SNOWFALL (IN)
  YESTERDAY        0.0           2.1  1975   0.0    0.0      0.0
  MONTH TO DATE    0.0                       0.0    0.0      0.0
  SINCE MAR 1      2.4                       4.8   -2.4      1.9
  SINCE JUL 1      5.3                      20.8  -15.5     23.4
  SNOW DEPTH       0

DEGREE DAYS
 HEATING
  YESTERDAY        4                        14    -10        5
  MONTH TO DATE   18                        42    -24       22
  SINCE MAR 1   1193                      1333   -140     1250
  SINCE JUL 1   4975                      5922   -947     5909

 COOLING
  YESTERDAY        0                         0      0        0
  MONTH TO DATE    0                         0      0        0
  SINCE MAR 1      0                         0      0        0
  SINCE JAN 1      0                         0      0        0
..................................................................


WIND (MPH)
  HIGHEST WIND SPEED    17   HIGHEST WIND DIRECTION     W (250)
  HIGHEST GUST SPEED    27   HIGHEST GUST DIRECTION     W (260)
  AVERAGE WIND SPEED     6.8



WEATHER CONDITIONS
 THE FOLLOWING WEATHER WAS RECORDED YESTERDAY.
  NO SIGNIFICANT WEATHER WAS OBSERVED.


RELATIVE HUMIDITY (PERCENT)
 HIGHEST    MM
 LOWEST     MM
 AVERAGE    MM

..........................................................


THE WINNEMUCCA AIRPORT NV CLIMATE NORMALS FOR TODAY
                         NORMAL    RECORD    YEAR
 MAXIMUM TEMPERATURE (F)   68        89      2004
 MINIMUM TEMPERATURE (F)   35        14      1959


SUNRISE AND SUNSET
MAY  4 2015...........SUNRISE   546 AM PDT   SUNSET   751 PM PDT
MAY  5 2015...........SUNRISE   545 AM PDT   SUNSET   752 PM PDT


-  INDICATES NEGATIVE NUMBERS.
R  INDICATES RECORD WAS SET OR TIED.
MM INDICATES DATA IS MISSING.
T  INDICATES TRACE AMOUNT.




$$
