000
CDUS45 KRIW 210733
CLIWRL


CLIMATE REPORT
NATIONAL WEATHER SERVICE RIVERTON WY
133 AM MDT TUE APR 21 2015


...................................

...THE WORLAND WY CLIMATE SUMMARY FOR APRIL 20 2015...

CLIMATE NORMAL PERIOD 1981 TO 2010
CLIMATE RECORD PERIOD 1947 TO 2015


WEATHER ITEM   OBSERVED TIME   RECORD YEAR NORMAL DEPARTURE LAST
                VALUE   (LST)  VALUE       VALUE  FROM      YEAR
                                                  NORMAL
..................................................................
TEMPERATURE (F)
 YESTERDAY
  MAXIMUM         62    342 PM  87    1980  61      1       71
  MINIMUM         28    534 AM  15    1966  32     -4       33
  AVERAGE         45                        47     -2       52

PRECIPITATION (IN)
  YESTERDAY        0.00          0.67 2001   0.03  -0.03     0.00
  MONTH TO DATE    0.04                      0.46  -0.42     0.27
  SINCE MAR 1      0.04                      0.92  -0.88     0.67
  SINCE JAN 1      0.81                      1.34  -0.53     1.05

DEGREE DAYS
 HEATING
  YESTERDAY       20                        18      2       13
  MONTH TO DATE  410                       416     -6      417
  SINCE MAR 1   1131                      1301   -170     1357
  SINCE JUL 1   7040                      7302   -262     7737

 COOLING
  YESTERDAY        0                         0      0        0
  MONTH TO DATE    0                         0      0        0
  SINCE MAR 1      0                         0      0        0
  SINCE JAN 1      0                         0      0        0
..................................................................


WIND (MPH)
  HIGHEST WIND SPEED    20   HIGHEST WIND DIRECTION     N (360)
  HIGHEST GUST SPEED    25   HIGHEST GUST DIRECTION     N (360)
  AVERAGE WIND SPEED     6.5


SKY COVER
  POSSIBLE SUNSHINE  MM
  AVERAGE SKY COVER 0.2


WEATHER CONDITIONS
 THE FOLLOWING WEATHER WAS RECORDED YESTERDAY.
  NO SIGNIFICANT WEATHER WAS OBSERVED.


RELATIVE HUMIDITY (PERCENT)
 HIGHEST    72           500 AM
 LOWEST     17           400 PM
 AVERAGE    45

..........................................................


THE WORLAND WY CLIMATE NORMALS FOR TODAY
                         NORMAL    RECORD    YEAR
 MAXIMUM TEMPERATURE (F)   62        88      1994
 MINIMUM TEMPERATURE (F)   33        15      2008


SUNRISE AND SUNSET
APRIL 21 2015.........SUNRISE   619 AM MDT   SUNSET   803 PM MDT
APRIL 22 2015.........SUNRISE   617 AM MDT   SUNSET   804 PM MDT


-  INDICATES NEGATIVE NUMBERS.
R  INDICATES RECORD WAS SET OR TIED.
MM INDICATES DATA IS MISSING.
T  INDICATES TRACE AMOUNT.




$$
