000
CXUS52 KCAE 011431
CLMAGS


CLIMATE REPORT
NATIONAL WEATHER SERVICE COLUMBIA SC
1027 AM EDT WED APR 1 2015

...................................

...THE AUGUSTA BUSH FIELD GA CLIMATE SUMMARY FOR THE MONTH OF MARCH 2015...

CLIMATE NORMAL PERIOD 1981 TO 2010
CLIMATE RECORD PERIOD 1873 TO 2015

WEATHER         OBSERVED          NORMAL  DEPART
                 VALUE   DATE(S)  VALUE   FROM
                                          NORMAL
................................................
TEMPERATURE (F)
RECORD
 HIGH              93   03/25/1929
                        03/23/1907
 LOW               12   03/03/1980
HIGHEST            85   03/17        MM      MM
                        03/16
                        03/10
LOWEST             26   03/07        MM      MM
AVG. MAXIMUM     71.3              69.9     1.4
AVG. MINIMUM     45.3              42.0     3.3
MEAN             58.3              55.9     2.4
DAYS MAX >= 90      0               0.1    -0.1
DAYS MAX <= 32      0               0.0     0.0
DAYS MIN <= 32      4               4.6    -0.6
DAYS MIN <= 0       0               0.0     0.0

PRECIPITATION (INCHES)
RECORD
 MAXIMUM        11.92   1980
 MINIMUM         0.69   1910
TOTALS           3.04              4.18   -1.14
DAILY AVG.       0.10              0.13   -0.03
DAYS >= .01        10               8.6     1.4
DAYS >= .10         5               6.1    -1.1
DAYS >= .50         2               2.8    -0.8
DAYS >= 1.00        1               1.2    -0.2
GREATEST
 24 HR. TOTAL    1.16   03/22 TO 03/22
 STORM TOTAL       MM
 (MM/DD(HH))            MM

SNOWFALL (INCHES)
RECORDS
 TOTAL             MM   MM
TOTALS            0.0               0.0     0.0
SINCE 7/1           T               0.9    -0.9
DAYS >= TRACE       0               0.0     0.0
DAYS >= 1.0         0               0.0     0.0
GREATEST
 SNOW DEPTH         0   MM

DEGREE_DAYS
HEATING TOTAL     213               296     -83
 SINCE 7/1       2499              2328     171
COOLING TOTAL      12                15      -3
 SINCE 1/1         12                18      -6

FREEZE DATES
RECORD
 EARLIEST     MM
 LATEST       MM
EARLIEST      03/04             MM
LATEST                          MM
.................................................

WIND (MPH)
AVERAGE WIND SPEED              6.2
RESULTANT WIND SPEED/DIRECTION   1/262
HIGHEST WIND SPEED/DIRECTION    38/310    DATE  03/05
HIGHEST GUST SPEED/DIRECTION    46/310    DATE  03/05

SKY COVER
POSSIBLE SUNSHINE (PERCENT)   MM
AVERAGE SKY COVER           0.50
NUMBER OF DAYS FAIR           11
NUMBER OF DAYS PC             10
NUMBER OF DAYS CLOUDY         10

AVERAGE RH (PERCENT)     69

WEATHER CONDITIONS. NUMBER OF DAYS WITH
THUNDERSTORM              0     MIXED PRECIP               0
HEAVY RAIN                4     RAIN                       6
LIGHT RAIN               13     FREEZING RAIN              0
LT FREEZING RAIN          0     HAIL                       0
HEAVY SNOW                0     SNOW                       0
LIGHT SNOW                0     SLEET                      0
FOG                      21     FOG W/VIS <= 1/4 MILE      6
HAZE                      5

-  INDICATES NEGATIVE NUMBERS.
R  INDICATES RECORD WAS SET OR TIED.
MM INDICATES DATA IS MISSING.
T  INDICATES TRACE AMOUNT.

$$
