000
CXUS51 KRLX 011803
CLMBKW


CLIMATE REPORT
NATIONAL WEATHER SERVICE CHARLESTON WV
100 PM EST SUN MAR 1 2015

...................................

...THE BECKLEY CLIMATE SUMMARY FOR THE MONTH OF FEBRUARY 2015...

CLIMATE NORMAL PERIOD 1981 TO 2010
CLIMATE RECORD PERIOD 1963 TO 2015

WEATHER         OBSERVED          NORMAL  DEPART  LAST YEAR`S
                 VALUE   DATE(S)  VALUE   FROM    VALUE  DATE(S)
                                          NORMAL
................................................................
TEMPERATURE (F)
RECORD
 HIGH              74   02/26/1977
 LOW              -16   02/05/1996
HIGHEST            61   02/08                         61
LOWEST             -9   02/20                          9
AVG. MAXIMUM     33.2              43.1    -9.9     40.2
AVG. MINIMUM     13.2              25.7   -12.5     23.0
MEAN             23.2              34.4   -11.2     31.6
DAYS MAX >= 90      0               0.0     0.0        0
DAYS MAX <= 32     12               5.7     6.3       10
DAYS MIN <= 32     27              20.9     6.1       23
DAYS MIN <= 0       3               0.3     2.7        0

PRECIPITATION (INCHES)
RECORD
 MAXIMUM         6.02   1939
 MINIMUM         0.69   2002
TOTALS           4.42              2.76    1.66     3.16
DAILY AVG.       0.16              0.10    0.06     0.11
DAYS >= .01        14              13.9     0.1       17
DAYS >= .10         6               6.9    -0.9        8
DAYS >= .50         2               1.5     0.5        2
DAYS >= 1.00        1               0.4     0.6        0
GREATEST
 24 HR. TOTAL    2.15   02/21 TO 02/22           02/02 TO 02/03
                                                          02/13 TO 02/13
                                                          02/13 TO 02/13

SNOWFALL (INCHES)
RECORDS
 TOTAL           45.0   2010
TOTALS           44.0              16.6    27.4     25.8
SINCE 7/1        59.0              50.5     8.5     60.7
SNOWDEPTH AVG.      8                 3       5        2
DAYS >= 1.0         8               4.7     3.3        5
GREATEST
 SNOW DEPTH        27R  02/22                         11
 24 HR TOTAL     20.0R  02/21 TO 02/21              11.5

DEGREE_DAYS
HEATING TOTAL    1161               857     304      929
 SINCE 7/1       4333              4001     332     4208
COOLING TOTAL       0                 0       0        0
 SINCE 1/1          0                 0       0        0
....................................................

WIND (MPH)
AVERAGE WIND SPEED              8.5
HIGHEST WIND SPEED/DIRECTION    31/330    DATE  02/14
HIGHEST GUST SPEED/DIRECTION    44/330    DATE  02/14

SKY COVER
POSSIBLE SUNSHINE (PERCENT)   MM
AVERAGE SKY COVER           0.60
NUMBER OF DAYS FAIR            7
NUMBER OF DAYS PC              9
NUMBER OF DAYS CLOUDY         12

AVERAGE RH (PERCENT)     66

WEATHER CONDITIONS. NUMBER OF DAYS WITH
THUNDERSTORM              0     MIXED PRECIP               0
HEAVY RAIN                1     RAIN                       1
LIGHT RAIN                6     FREEZING RAIN              1
LT FREEZING RAIN          4     HAIL                       0
HEAVY SNOW                6     SNOW                       8
LIGHT SNOW               16     SLEET                      0
FOG                      16     FOG W/VIS <= 1/4 MILE      9
HAZE                     12

-  INDICATES NEGATIVE NUMBERS.
R  INDICATES RECORD WAS SET OR TIED.
MM INDICATES DATA IS MISSING.
T  INDICATES TRACE AMOUNT.

$$
