000
CXUS52 KILM 030905
CLMFLO


CLIMATE REPORT
NATIONAL WEATHER SERVICE WILMINGTON NC
504 AM EDT FRI APR 3 2015

...................................

...THE FLORENCE SC CLIMATE SUMMARY FOR THE MONTH OF MARCH 2015...

CLIMATE NORMAL PERIOD 1981 TO 2010
CLIMATE RECORD PERIOD 1948 TO 2015

WEATHER         OBSERVED          NORMAL  DEPART  LAST YEAR`S
                 VALUE   DATE(S)  VALUE   FROM    VALUE  DATE(S)
                                          NORMAL
................................................................
TEMPERATURE (F)
RECORD
 HIGH              92   03/10/1974
                        03/09/1974
 LOW               11   03/03/1980
HIGHEST            86   03/11                         82  03/11
LOWEST             26   03/07                         24  03/04
AVG. MAXIMUM     68.6              67.6     1.0     62.9
AVG. MINIMUM     46.1              43.6     2.5     38.2
MEAN             57.4              55.6     1.8     50.6
DAYS MAX >= 90      0               0.0     0.0        0
DAYS MAX <= 32      0               0.0     0.0        0
DAYS MIN <= 32      3               3.3    -0.3        8
DAYS MIN <= 0       0               0.0     0.0        0

PRECIPITATION (INCHES)
RECORD
 MAXIMUM        10.96   1971
 MINIMUM         0.35   2004
TOTALS           3.40              3.33    0.07     4.55
DAILY AVG.       0.11              0.11    0.00     0.15
DAYS >= .01        11               8.7     2.3       11
DAYS >= .10         7               5.7     1.3        7
DAYS >= .50         2               2.3    -0.3        3
DAYS >= 1.00        1               0.9     0.1        2
GREATEST
 24 HR. TOTAL    1.06   03/14 TO 03/14

SNOWFALL (INCHES)
RECORDS
 TOTAL            6.7   2007
TOTALS             MM               0.1
SINCE 7/1          MM               1.5

DEGREE_DAYS
HEATING TOTAL     252               310     -58      443
COOLING TOTAL      24                18       6        4
..........................................................

WIND (MPH)
AVERAGE WIND SPEED              7.9
RESULTANT WIND SPEED/DIRECTION   0/186
HIGHEST WIND SPEED/DIRECTION    46/350    DATE  03/05
HIGHEST GUST SPEED/DIRECTION    55/350    DATE  03/05

SKY COVER
POSSIBLE SUNSHINE (PERCENT)   MM
AVERAGE SKY COVER           0.50
NUMBER OF DAYS FAIR           13
NUMBER OF DAYS PC              9
NUMBER OF DAYS CLOUDY          9

AVERAGE RH (PERCENT)     65

WEATHER CONDITIONS. NUMBER OF DAYS WITH
THUNDERSTORM              1     MIXED PRECIP              MM
HEAVY RAIN                2     RAIN                       8
LIGHT RAIN               15     FREEZING RAIN              0
LT FREEZING RAIN          0     HAIL                       0
HEAVY SNOW                0     SNOW                       0
LIGHT SNOW                0     SLEET                     MM
FOG                      14     FOG W/VIS <= 1/4 MILE      2
HAZE                      3

-  INDICATES NEGATIVE NUMBERS.
R  INDICATES RECORD WAS SET OR TIED.
MM INDICATES DATA IS MISSING.
T  INDICATES TRACE AMOUNT.

$$
