000
CXUS53 KDDC 021609 CCA
CLMGCK

CLIMATE REPORT
NATIONAL WEATHER SERVICE DODGE CITY KS
848 AM CDT FRI MAY 1 2015

...................................

...THE GARDEN CITY REGIONAL ARPT KS CLIMATE SUMMARY FOR THE MONTH OF APRIL 2015...

CLIMATE NORMAL PERIOD 1981 TO 2010
CLIMATE RECORD PERIOD 1948 TO 2015

WEATHER         OBSERVED          NORMAL  DEPART  LAST YEAR`S
                 VALUE   DATE(S)  VALUE   FROM    VALUE  DATE(S)
                                          NORMAL
................................................................
TEMPERATURE (F)
RECORD
 HIGH             100   04/22/1989
 LOW               10   04/12/1997
HIGHEST            88   04/06        MM      MM       91  04/26
LOWEST             24   04/10        MM      MM       23  04/15
AVG. MAXIMUM     69.3              67.3     2.0     68.5
AVG. MINIMUM     39.5              38.6     0.9     38.9
MEAN             54.4              53.0     1.4     53.7
DAYS MAX >= 90      0               0.6    -0.6        1
DAYS MAX <= 32      0               0.0     0.0        0
DAYS MIN <= 32      6               6.9    -0.9        9
DAYS MIN <= 0       0               0.0     0.0        0

PRECIPITATION (INCHES)
RECORD
 MAXIMUM           MM   MM
 MINIMUM           MM   MM
TOTALS           0.36              1.72   -1.36     0.47
DAYS >= .01         8               6.8     1.2        8
DAYS >= .10         2               4.0    -2.0        2
DAYS >= .50         0               1.1    -1.1        0
DAYS >= 1.00        0               0.3    -0.3        0
GREATEST
 24 HR. TOTAL    0.18   04/11 TO 04/12           04/17 TO 04/17
                                                          04/17 TO 04/17
                                                          04/17 TO 04/17

DEGREE_DAYS
HEATING TOTAL     317               374     -57      354
 SINCE 7/1       4788              5062    -274     5271
COOLING TOTAL       7                12      -5       21
 SINCE 1/1          7                12      -5       21
........................................................

WIND (MPH)
AVERAGE WIND SPEED              14.1
HIGHEST WIND SPEED/DIRECTION    44/010    DATE  04/19
HIGHEST GUST SPEED/DIRECTION    52/010    DATE  04/19


WEATHER CONDITIONS. NUMBER OF DAYS WITH
THUNDERSTORM              4     MIXED PRECIP               0
HEAVY RAIN                0     RAIN                       1
LIGHT RAIN                7     FREEZING RAIN              0
LT FREEZING RAIN          0     HAIL                       0
HEAVY SNOW                0     SNOW                       0
LIGHT SNOW                0     SLEET                      0
FOG                      12     FOG W/VIS <= 1/4 MILE      4
HAZE                      6

-  INDICATES NEGATIVE NUMBERS.
R  INDICATES RECORD WAS SET OR TIED.
MM INDICATES DATA IS MISSING.
T  INDICATES TRACE AMOUNT.

$$
