000
CXUS53 KOAX 011700
CLMLNK

CLIMATE REPORT
NATIONAL WEATHER SERVICE OMAHA NEBRASKA
1200 PM CDT FRI MAY 1 2015

...................................

...THE LINCOLN CLIMATE SUMMARY FOR THE MONTH OF APRIL 2015...

CLIMATE NORMAL PERIOD 1981 TO 2010
CLIMATE RECORD PERIOD 1887 TO 2015

WEATHER         OBSERVED          NORMAL  DEPART
                 VALUE   DATE(S)  VALUE   FROM
                                          NORMAL
................................................
TEMPERATURE (F)
HIGHEST            85   04/01
LOWEST             26   04/22
AVG. MAXIMUM     66.0              64.3     1.7
AVG. MINIMUM     42.0              38.8     3.2
MEAN             54.0              51.6     2.4
DAYS MAX >= 90      0
DAYS MAX <= 32      0
DAYS MIN <= 32      3
DAYS MIN <= 0       0

PRECIPITATION (INCHES)
RECORD
 MAXIMUM         7.21   1978
 MINIMUM         0.02   1910
TOTALS           1.99              2.71   -0.72
DAILY AVG.       0.07
DAYS >= .01        12
DAYS >= .10         6
DAYS >= .50         1
DAYS >= 1.00        0
GREATEST
 24 HR. TOTAL    0.74   04/18 TO 04/19

SNOWFALL (INCHES)
RECORDS
 TOTAL           11.1   1997
TOTALS            0.0               1.4
SINCE 7/1        21.9
SNOWDEPTH AVG.      0
DAYS >= 1.0         0               0.4    -0.4
GREATEST
 SNOW DEPTH         0
 24 HR TOTAL      0.0

DEGREE DAYS
HEATING TOTAL     328               417     -89
 SINCE 7/1       5683              5893    -210
COOLING TOTAL       3                13     -10
 SINCE 1/1          5                14      -9
.................................................

WIND (MPH)
AVERAGE WIND SPEED              11.3
HIGHEST WIND SPEED/DIRECTION    40/350    DATE  04/02
HIGHEST GUST SPEED/DIRECTION    49/020    DATE  04/01

SKY COVER
AVERAGE SKY COVER           0.40


WEATHER CONDITIONS. NUMBER OF DAYS WITH
THUNDERSTORM              0     MIXED PRECIP               0
HEAVY RAIN                2     RAIN                       3
LIGHT RAIN               15     FREEZING RAIN              0
LT FREEZING RAIN          0     HAIL                       0
HEAVY SNOW                0     SNOW                       0
LIGHT SNOW                0     SLEET                      0
FOG                      13     FOG W/VIS <= 1/4 MILE      0
HAZE                      6

-  INDICATES NEGATIVE NUMBERS.
R  INDICATES RECORD WAS SET OR TIED.
MM INDICATES DATA IS MISSING.
T  INDICATES TRACE AMOUNT.
>= INDICATES GREATER THAN OR EQUAL TO.
<= INDICATES LESS THAN OR EQUAL TO.

&&

 ...APRIL WAS WARMER AND DRIER THAN NORMAL IN LINCOLN...

APRIL WAS MARKED BY PERIODIC SHOWERS AND THUNDERSTORMS...AND AS IS
TYPICAL OF SPRING...TEMPERATURE SWINGS BETWEEN MILD AND CHILLY
READINGS.  OVERALL...APRIL WAS THE 37TH WARMEST AND 50TH DRIEST IN
LINCOLN.

THE WARMEST DAY OF THE MONTH CAME RIGHT OFF THE BAT...ON THE
1ST...WITH A HIGH TEMPERATURE OF 85 DEGREES AND JUST OVER HALF AN
INCH OF RAIN BETWEEN THE 1ST AND 2ND. 6 OF THE FIRST 7 DAYS OF THE
MONTH WERE WARMER THAN AVERAGE...BEFORE A COLD FRONT BROUGHT COOLER
TEMPERATURES ON THE 8TH AND 9TH...WITH HIGH TEMPERATURES STUCK IN
THE 40S ALONG WITH ADDITIONAL SHOWERS AND THUNDERSTORMS.

TEMPERATURES REBOUNDED TO ABOVE NORMAL AGAIN FROM THE 10TH THROUGH
THE 18TH....WITH A COUPLE OF LIGHTER RAINS INTERSPERSED WITH
TEMPERATURES IN THE 60S AND 70S. AGAIN...A COLD FRONT BROUGHT
HEAVIER RAIN...WITH 0.78 INCHES COMBINED ON THE 18TH AND 19TH.  THE
AIR BEHIND THE FRONT WAS QUITE A BIT COOLER...BRINGING THE COLDEST
LOW TEMPERATURES OF THE MONTH AS TEMPERATURES FELL BELOW FREEZING ON
THE 22ND AND 23RD.  SHOULD THE FREEZE ON THE 23RD BE THE LAST OF THE
SEASON...IT WILL EXACTLY MATCH THE PERIOD-OF-RECORD AVERAGE.  THE
LAST HARD FREEZE OF 28 DEGREES OR COLDER OCCURRED ON THE
22ND...WHICH IS 11 DAYS LATER THAN THE PERIOD-OF-RECORD AVERAGE OF
APRIL 11...WITH THE COLDEST TEMPERATURE OF THE MONTH AT 26 DEGREES.

WARMER TEMPERATURES RETURNED FOR THE END OF THE MONTH...THOUGH THE
AVERAGE DAILY TEMPERATURES WERE NEAR NORMAL AS HIGHS IN THE 70S WERE
BALANCED BY LOWS IN THE 30S AND LOWER 40S.


DAILY RECORDS SET IN APRIL 2015:
DATE         RECORD           READING  PREVIOUS RECORD
NO RECORDS SET IN APRIL

$$

MAYES/JEK/TL
