000
CXUS53 KABR 011447
CLMMBG


CLIMATE REPORT
NATIONAL WEATHER SERVICE ABERDEEN SD
943 AM CDT WED APR 1 2015

...................................

...THE MOBRIDGE SD CLIMATE SUMMARY FOR THE MONTH OF MARCH 2015...

CLIMATE NORMAL PERIOD 1981 TO 2010
CLIMATE RECORD PERIOD 1911 TO 2015

WEATHER         OBSERVED          NORMAL  DEPART  LAST YEAR`S
                 VALUE   DATE(S)  VALUE   FROM    VALUE  DATE(S)
                                          NORMAL
................................................................
TEMPERATURE (F)
RECORD
 HIGH              84   03/27/1946
                        03/23/1939
 LOW              -22   03/10/1948
                        03/03/1916
HIGHEST            80   03/31        MM      MM       64  03/29
LOWEST             -3   03/05        MM      MM      -16  03/02
                        03/04
AVG. MAXIMUM     54.7              42.6    12.1     39.0
AVG. MINIMUM     22.7              21.1     1.6     16.6
MEAN             38.7              31.9     6.8     27.8
DAYS MAX >= 90      0               0.0     0.0        0
DAYS MAX <= 32      2               6.5    -4.5       10
DAYS MIN <= 32     26              27.4    -1.4       30
DAYS MIN <= 0       3               1.9     1.1        3

PRECIPITATION (INCHES)
RECORD
 MAXIMUM         3.98   1966
 MINIMUM            T   1927
TOTALS           0.17              0.90   -0.73     0.51
DAYS >= .01         4                MM      MM       11
DAYS >= .10         1                MM      MM        2
DAYS >= .50         0                MM      MM        0
DAYS >= 1.00        0                MM      MM        0

SNOWFALL (INCHES)
RECORDS
 TOTAL           36.3   5
 SNOW DEPTH        MM   MM
TOTALS              T                MM      MM      9.4
SINCE 7/1        18.7                MM      MM     40.8
SNOWDEPTH AVG.      0                MM      MM        0
DAYS >= TRACE       5
DAYS >= 1.0         0
GREATEST
 SNOW DEPTH         2   03/01                          3  03/06
                                                          03/05

DEGREE_DAYS
HEATING TOTAL     808              1027    -219     1144
 SINCE 7/1       6567              7002    -435     7684
COOLING TOTAL       0                 0       0        0
 SINCE 1/1          0                 0       0        0

FREEZE DATES
RECORD
 EARLIEST     MM
 LATEST       MM
EARLIEST                        MM
LATEST                          MM
.................................................................

WIND (MPH)
AVERAGE WIND SPEED              11.1
RESULTANT WIND SPEED/DIRECTION   1/083
HIGHEST WIND SPEED/DIRECTION    39/330    DATE  03/29
HIGHEST GUST SPEED/DIRECTION    48/320    DATE  03/29

SKY COVER
POSSIBLE SUNSHINE (PERCENT)   MM
AVERAGE SKY COVER           0.30
NUMBER OF DAYS FAIR           22
NUMBER OF DAYS PC              7
NUMBER OF DAYS CLOUDY          2

AVERAGE RH (PERCENT)     58

WEATHER CONDITIONS. NUMBER OF DAYS WITH
THUNDERSTORM              0     MIXED PRECIP               0
HEAVY RAIN                0     RAIN                       0
LIGHT RAIN                2     FREEZING RAIN              0
LT FREEZING RAIN          0     HAIL                       0
HEAVY SNOW                0     SNOW                       0
LIGHT SNOW                5     SLEET                      0
FOG                       3     FOG W/VIS <= 1/4 MILE      0
HAZE                      3

-  INDICATES NEGATIVE NUMBERS.
R  INDICATES RECORD WAS SET OR TIED.
MM INDICATES DATA IS MISSING.
T  INDICATES TRACE AMOUNT.

$$
