000
CXUS53 KGID 011721
CLMODX


CLIMATE REPORT
NATIONAL WEATHER SERVICE HASTINGS NE
1218 PM CDT WED APR 1 2015

...................................

...THE ORD NE CLIMATE SUMMARY FOR THE MONTH OF MARCH 2015...

CLIMATE NORMAL PERIOD 1981 TO 2010
CLIMATE RECORD PERIOD 1895 TO 2015

WEATHER         OBSERVED          NORMAL  DEPART  LAST YEAR`S
                 VALUE   DATE(S)  VALUE   FROM    VALUE
                                          NORMAL
.............................................................
TEMPERATURE (F)
HIGHEST            90   03/16        MM      MM       75
LOWEST             -4   03/05        MM      MM       -9
AVG. MAXIMUM     60.7              50.8     9.9     49.8
AVG. MINIMUM     21.9              24.6    -2.7     18.6
MEAN             41.3              37.7     3.6     34.2
DAYS MAX >= 90      1               0.0     1.0        0
DAYS MAX <= 32      2
DAYS MIN <= 32     28              24.2     3.8       28
DAYS MIN <= 0       2

PRECIPITATION (INCHES)
TOTALS           0.03              1.45   -1.42     0.20
DAILY AVG.       0.00              0.05   -0.05     0.01
DAYS >= .01         1                MM      MM        3
DAYS >= .10         0                MM      MM        1
DAYS >= .50         0                MM      MM        0
DAYS >= 1.00        0                MM      MM        0
GREATEST
 24 HR. TOTAL    0.03   03/24 TO 03/24

DEGREE_DAYS
HEATING TOTAL     726
 SINCE 7/1       5858
COOLING TOTAL       0
 SINCE 1/1          0
..............................................................

WIND (MPH)
AVERAGE WIND SPEED              9.2
HIGHEST WIND SPEED/DIRECTION    44/330    DATE  03/29
HIGHEST GUST SPEED/DIRECTION    56/320    DATE  03/29

SKY COVER
POSSIBLE SUNSHINE (PERCENT)   MM
NUMBER OF DAYS FAIR           25
NUMBER OF DAYS PC              6
NUMBER OF DAYS CLOUDY          0

AVERAGE RH (PERCENT)     51

WEATHER CONDITIONS. NUMBER OF DAYS WITH
THUNDERSTORM              0     MIXED PRECIP               0
HEAVY RAIN                0     RAIN                       0
LIGHT RAIN                2     FREEZING RAIN              0
LT FREEZING RAIN          0     HAIL                       0
HEAVY SNOW                0     SNOW                       0
LIGHT SNOW                2     SLEET                      0
FOG                       3     FOG W/VIS <= 1/4 MILE      2
HAZE                      6

-  INDICATES NEGATIVE NUMBERS.
R  INDICATES RECORD WAS SET OR TIED.
MM INDICATES DATA IS MISSING.
T  INDICATES TRACE AMOUNT.

$$
