000
CXUS53 KDDC 012019
CLMP28


CLIMATE REPORT
NATIONAL WEATHER SERVICE DODGE CITY KS
314 PM CDT WED APR 1 2015

...................................

...THE MEDICINE LODGE KS CLIMATE SUMMARY FOR THE MONTH OF MARCH 2015...

CLIMATE NORMAL PERIOD 1981 TO 2010
CLIMATE RECORD PERIOD 1893 TO 2015

WEATHER         OBSERVED          NORMAL  DEPART  LAST YEAR`S
                 VALUE   DATE(S)  VALUE   FROM    VALUE  DATE(S)
                                          NORMAL
................................................................
TEMPERATURE (F)
RECORD
 HIGH              98   03/19/1907
 LOW               -7   03/03/2014
                        03/03/1960
                        01/01/2000
HIGHEST            88   03/16        MM      MM       79  03/10
LOWEST             10   03/05        MM      MM       -7  03/03
AVG. MAXIMUM     65.2              59.3     5.9     56.2
AVG. MINIMUM     34.6              34.2     0.4     26.6
MEAN             49.9              46.7     3.2     41.4
DAYS MAX >= 90      0               0.0     0.0        0
DAYS MAX <= 32      1               0.6     0.4        2
DAYS MIN <= 32      8              12.6    -4.6       22
DAYS MIN <= 0       0               0.0     0.0        1

PRECIPITATION (INCHES)
RECORD
 MAXIMUM         9.24   1973
 MINIMUM         0.00   1966
                        1955
                        1936
                        1911
                        1910
                        1893
TOTALS           0.38              2.26   -1.88     0.49
DAYS >= .01         3               7.3    -4.3        3
DAYS >= .10         1               4.3    -3.3        2
DAYS >= .50         0               2.0    -2.0        0
DAYS >= 1.00        0               0.8    -0.8        0
GREATEST
 24 HR. TOTAL    0.28   03/19 TO 03/19           03/02 TO 03/02

DEGREE_DAYS
HEATING TOTAL     460               568    -108      724
 SINCE 7/1       4034              4097     -63     4675
COOLING TOTAL       0                 2      -2        0
 SINCE 1/1          0                 2      -2        0
...................................................

WIND (MPH)
AVERAGE WIND SPEED              8.2
HIGHEST WIND SPEED/DIRECTION    41/020    DATE  03/25
HIGHEST GUST SPEED/DIRECTION    50/020    DATE  03/25



-  INDICATES NEGATIVE NUMBERS.
R  INDICATES RECORD WAS SET OR TIED.
MM INDICATES DATA IS MISSING.
T  INDICATES TRACE AMOUNT.

$$
