000
CXUS56 KPDT 012332
CLMPDT

CLIMATE REPORT
NATIONAL WEATHER SERVICE PENDLETON OREGON
330 PM PST SUN MAR 01 2015

....................................

...THE PENDLETON OR CLIMATE SUMMARY FOR THE MONTH OF FEBRUARY 2015...

CLIMATE NORMAL PERIOD 1981 TO 2010
CLIMATE RECORD PERIOD 1934 TO 2015

WEATHER         OBSERVED          NORMAL  DEPART  LAST YEAR`S
                 VALUE   DATE(S)  VALUE   FROM    VALUE  DATE(S)
                                          NORMAL

................................................................

TEMPERATURE (F)
RECORD
 HIGH              75   2/ 8/1996
 LOW              -18   2/ 3/1950
HIGHEST            66   2/ 6       62         4            59   2/12
LOWEST             19   2/23       15         4             3   2/ 6
AVG. MAXIMUM     53.6            46.8       6.8          39.1
AVG. MINUMUM     34.4            30.3       4.1          27.4
MEAN             44.0            38.5       5.5          33.2
DAYS MAX >= 90      0               0         0             0
DAYS MAX <= 32      0               3        -3             9
DAYS MIN <= 32     11              17        -6            15
DAYS MIN <= 0       0               0         0            15


PRECIPITATION (INCHES)
RECORD
 MAXIMUM          3.03   1940
 MINIMUM          0.07   1964
TOTALS            0.83            1.11     -0.28          1.63
DAILY AVG.        0.03            0.04     -0.01          0.06
DAYS >=  0.01       11               9         2            15
DAYS >=  0.10        4               4         0             7
DAYS >=  0.50        0               0         0             0
DAYS >=  1.00        0               0         0             0
GREATEST
 24 HR. TOTAL     0.29   2/ 9



SNOWFALL (INCHES)
RECORD
 MAXIMUM          16.8   1994
 MINIMUM           0.0   2013
TOTALS             0.0             3.3      -3.3          14.2
SINCE 7/1          7.2            14.6      -7.4          20.7
DAYS >=  TRACE                       2        -1            11
DAYS >=  1.0         0               1         0             4
GREATEST
 24 HR. TOTAL      0.0   2/28


DEGREE DAYS
HEATING TOTAL      582             742      -160           882
 SINCE 7/1        3493            3917      -424          4265
COOLING TOTAL        0               0         0             0
 SINCE 1/1           0               0         0             0

.............................................................

WIND (MPH)
AVERAGE WIND SPEED                     7.7
RESULTANT WIND SPEED/DIRECTION         5/179
HIGHEST WIND SPEED/DIRECTION          51/200      DATE          02/06
HIGHEST GUST SPEED/DIRECTION          59/210      DATE          02/06


WEATHER CONDITIONS. NUMBER OF DAYS WITH
THUNDERSTORM               0    MIXED PRECIP                        0
HEAVY RAIN                 0    RAIN                                3
LIGHT RAIN                16    FREEZING RAIN                       0
LT FREEZING RAIN           0    HAIL                                0
HEAVY SNOW                 0    SNOW                                0
LIGHT SNOW                 0    SLEET                               0
FOG                       14    FOG W/VIS <=1/4 MILE                6
HAZE                       3

-  INDICATES NEGATIVE NUMBERS.
R  INDICATES RECORD WAS SET OR TIED.
MM INDICATES DATA IS MISSING.
T  INDICATES TRACE AMOUNT.

$$
