000
CXZS50 NSTU 040622
CLMPPG

CLIMATE REPORT
NATIONAL WEATHER SERVICE PAGO PAGO AS
730 PM SST SUN MAY 3 2015

.....................................

...THE PAGO PAGO AIRPORT CLIMATE SUMMARY FOR THE MONTH OF APRIL 2015...

CLIMATE NORMAL PERIOD 1981 TO 2010
CLIMATE RECORD PERIOD 1956 TO 2015

WEATHER ITEM      OBSERVED    DATES       NORMAL      DEPARTURE   LAST YEAR
                  VALUE                   VALUE       FROM        VALUE DATE(S)
                                                      NORMAL
.............................................................................
TEMPERATURE (F)
RECORD
 HIGH             95          04/18/1998
 LOW              68          04/22/1979

HIGHEST           90          04/12        88         2           90 04/03

LOWEST            75          04/26        77        -2           74 04/22
                              04/02

AVG. MAXIMUM      87.4                    87.5       -0.1         86.5
AVG. MINIMUM      77.7                    77.3        0.4         76.8
MEAN              82.6                    82.4        0.2         81.7
DAYS MAX >= 90     1                       2.9       -1.9          1
DAYS MAX <= 32     0                       0.0        0.0          0
DAYS MIN <= 32     0                       0.0        0.0          0
DAYS MIN <= 0      0                       0.0        0.0          0

PRECIPITATION (INCHES)
RECORD
 MAXIMUM          28.35      1961
 MINIMUM           0.74      1976
TOTALS            14.35                  11.02        3.33        14.29
DAILY AVG.         0.48                   0.37        0.11         0.48
DAYS >= .01       22                     22.1        -0.1         24
DAYS >= .10       15                     14.6         0.4         17
DAYS >= .50        8                      6.8         1.2         11
DAYS >= 1.00       3                      3.4        -0.4          5
GREATEST
 24 HR. TOTAL      5.32      04/22                    2.42   04/06 TO 07

DEGREE DAYS
HEATING TOTAL     000                     00          00          00
SINCE 1/1         000                     00          00          00
COOLING TOTAL     533                    522          11         506
SINCE 1/1        2151                   2112          39        2096

WIND (MPH)
AVERAGE WIND SPEED 8.1
HIGHEST WIND SPEED/DIRECTION   23/170     DATE 04/18
HIGHEST GUST SPEED/DIRECTION   MM         DATE MM

SKY COVER
POSSIBLE SUNSHINE (PERCENT)    MM
AVERAGE SKY COVER               5.4
NUMBER OF DAYS FAIR            01
NUMBER OF DAYS PC              20
NUMBER OF DAYS CLOUDY          09

AVERAGE RH (PERCENT)           85

WEATHER CONDITIONS NUMBER OF DAYS WITH
THUNDERSTORM            05    MIXED PRECIP            00
HEAVY RAIN              07    RAIN                    04
LIGHT RAIN              23    FREEZING RAIN           00
LT FREEZING RAIN        00    HAIL                    00
HEAVY SNOW              00    SNOW                    00
LIGHT SNOW              00    SLEET                   00
FOG                     00    FOG W/VIS <= 1/4 MILE   00
HAZE                    00

- INDICATES NEGATIVE NUMBERS
R INDICATES RECORD WAS SET OR TIED
MM INDICATES DATA IS MISSING
T INDICATES TRACE AMOUNT
