000
CXUS51 KOKX 031121 CCA
CLSJFK

CLIMATE REPORT...CORRECTED
NATIONAL WEATHER SERVICE NEW YORK NY
619 AM EST TUE MAR 3 2015

...................................

...THE KENNEDY NY CLIMATE SUMMARY FOR THE SEASON, FROM
12/1/2014 TO 2/28/2015...

CLIMATE NORMAL PERIOD 1981 TO 2010
CLIMATE RECORD PERIOD 1949 TO 2015

WEATHER         OBSERVED          NORMAL  DEPART  LAST YEAR`S
                 VALUE   DATE(S)  VALUE   FROM    VALUE
                                          NORMAL
.............................................................
TEMPERATURE (F)
RECORD
 HIGH              75   12/07/1998
 LOW               -2   01/21/1985
                        02/08/1963
HIGHEST            62   12/01        MM      MM
LOWEST              3   02/20        MM      MM
AVG. MAXIMUM     38.9              41.6    -2.7
AVG. MINIMUM     25.6              28.6    -3.0
MEAN             32.2              35.1    -2.9
DAYS MAX >= 90      0               0.0     0.0
DAYS MAX <= 32     22              13.4     8.6
DAYS MIN <= 32     61              56.9     4.1
DAYS MIN <= 0       0               0.0     0.0

PRECIPITATION (INCHES)
RECORD
 MAXIMUM        18.20   1978-79
 MINIMUM         4.34   2001-02
TOTALS          14.70              9.14    5.56    12.10
DAILY AVG.       0.16              0.10    0.06
DAYS >= .01        34              30.7     3.3
DAYS >= .10        20              17.9     2.1
DAYS >= .50        10               6.2     3.8
DAYS >= 1.00        5               2.0     3.0
GREATEST
 24 HR. TOTAL    3.05   12/09 TO 12/10
 STORM TOTAL       MM
 (MM/DD(HH))            MM

SNOWFALL (INCHES)
RECORDS
 TOTAL           47.2   2010
 24 HR TOTAL     10.9   MM
TOTALS           31.0              19.3    11.7
 LIQUID EQUIV    3.10              1.90    1.20
SINCE 7/1        31.1              19.5    11.6
 LIQUID 7/1      3.11
DAYS >= TRACE      29              10.8    18.2
DAYS >= 1.0         8               4.1     3.9
GREATEST
 SNOW DEPTH        10   01/28
 24 HR TOTAL      5.6   01/27 TO 01/27
 STORM TOTAL       MM
 (MM/DD(HH))            MM

DEGREE_DAYS
HEATING TOTAL    2908              2687     221
 SINCE 7/1         MM              3511      MM
COOLING TOTAL       0                 0       0
 SINCE 1/1          0                 0       0
..............................................................

WIND (MPH)
AVERAGE WIND SPEED              12.9
HIGHEST WIND SPEED/DIRECTION    38/310    DATE  02/15
HIGHEST GUST SPEED/DIRECTION    49/310    DATE  02/15

SKY COVER
POSSIBLE SUNSHINE (PERCENT)   MM
AVERAGE SKY COVER           0.60
NUMBER OF DAYS FAIR           11
NUMBER OF DAYS PC             39
NUMBER OF DAYS CLOUDY         40

AVERAGE RH (PERCENT)     59

WEATHER CONDITIONS. NUMBER OF DAYS WITH
THUNDERSTORM              0     MIXED PRECIP               1
HEAVY RAIN                5     RAIN                      15
LIGHT RAIN               21     FREEZING RAIN              0
LT FREEZING RAIN          4     HAIL                       0
HEAVY SNOW                0     SNOW                       7
LIGHT SNOW               25     SLEET                      2
FOG                      26     FOG W/VIS <= 1/4 MILE      5
HAZE                      3

-  INDICATES NEGATIVE NUMBERS.
R  INDICATES RECORD WAS SET OR TIED.
MM INDICATES DATA IS MISSING.
T  INDICATES TRACE AMOUNT.

$$
