000
CDUS46 KHNX 300021
CLIMAE


CLIMATE REPORT
NATIONAL WEATHER SERVICE SAN JOAQUIN VALLEY, CA
520 PM PDT WED APR 29 2015


...................................

...THE MADERA CA CLIMATE SUMMARY FOR APRIL 29 2015...
VALID AS OF 0500 PM LOCAL TIME.

CLIMATE NORMAL PERIOD 1981 TO 2010
CLIMATE RECORD PERIOD 1998 TO 2015


WEATHER ITEM   OBSERVED TIME   RECORD YEAR NORMAL DEPARTURE LAST
                VALUE   (LST)  VALUE       VALUE  FROM      YEAR
                                                  NORMAL
..................................................................
TEMPERATURE (F)
 TODAY
  MAXIMUM         90    327 PM  94    2007  79     11       85
  MINIMUM         56    541 AM  39    1999  48      8       49
  AVERAGE         73                        63     10       67

PRECIPITATION (IN)
  TODAY            0.00          T    2002   0.03  -0.03     0.00
                                      2002
                                      2010
  MONTH TO DATE    1.00                      0.93   0.07     0.56
  SINCE OCT 1      5.26                     11.04  -5.78     4.30
  SINCE JAN 1      1.58                      7.31  -5.73     3.61

SNOWFALL (IN)
  TODAY            0.0
  MONTH TO DATE    0.0
  SINCE MAR 1      0.0
  SINCE JUL 1      0.0
  SNOW DEPTH       0

DEGREE DAYS
 HEATING
  TODAY            0                                         0
  MONTH TO DATE  119                                       106
  SINCE MAR 1    249                                       296
  SINCE JUL 1   1699                                      2123

 COOLING
  TODAY            8                                         2
  MONTH TO DATE   38                                        49
  SINCE MAR 1     68                                        49
  SINCE JAN 1     70                                        49
..................................................................


WIND (MPH)
  HIGHEST WIND SPEED    14   HIGHEST WIND DIRECTION    NW (320)
  HIGHEST GUST SPEED    16   HIGHEST GUST DIRECTION    NW (320)
  AVERAGE WIND SPEED     7.3




RELATIVE HUMIDITY (PERCENT)
 HIGHEST    67
 LOWEST     24
 AVERAGE    46

..........................................................


THE MADERA CA CLIMATE NORMALS FOR TOMORROW
                         NORMAL    RECORD    YEAR
 MAXIMUM TEMPERATURE (F)   80        92      2014
 MINIMUM TEMPERATURE (F)   48        36      2011


SUNRISE AND SUNSET
APRIL 29 2015.........SUNRISE   609 AM PDT   SUNSET   748 PM PDT
APRIL 30 2015.........SUNRISE   607 AM PDT   SUNSET   748 PM PDT


-  INDICATES NEGATIVE NUMBERS.
R  INDICATES RECORD WAS SET OR TIED.
MM INDICATES DATA IS MISSING.
T  INDICATES TRACE AMOUNT.




$$
