000
CDUS43 KICT 230655
CLICNU


CLIMATE REPORT
NATIONAL WEATHER SERVICE WICHITA KS
154 AM CDT THU APR 23 2015


...................................

...THE CHANUTE KS CLIMATE SUMMARY FOR APRIL 22 2015...

CLIMATE NORMAL PERIOD 1981 TO 2010
CLIMATE RECORD PERIOD 1894 TO 2015


WEATHER ITEM   OBSERVED TIME   RECORD YEAR NORMAL DEPARTURE LAST
                VALUE   (LST)  VALUE       VALUE  FROM      YEAR
                                                  NORMAL
..................................................................
TEMPERATURE (F)
 YESTERDAY
  MAXIMUM         62    441 PM  89    2006  70     -8       73
  MINIMUM         44   1159 PM  28    1931  48     -4       47
  AVERAGE         53                        59     -6       60

PRECIPITATION (IN)
  YESTERDAY        T             1.58 1944   0.16  -0.16     0.00
  MONTH TO DATE    4.51                      3.04   1.47     1.02
  SINCE MAR 1      5.06                      6.08  -1.02     1.99
  SINCE JAN 1      6.37                      9.24  -2.87     2.96

DEGREE DAYS
 HEATING
  YESTERDAY       12                         7      5        5
  MONTH TO DATE  137                       223    -86      236
  SINCE MAR 1    632                       782   -150      922
  SINCE JUL 1   4322                      4354    -32     4942

 COOLING
  YESTERDAY        0                         1     -1        0
  MONTH TO DATE   22                        18      4        6
  SINCE MAR 1     22                        22      0        6
  SINCE JAN 1     22                        22      0        6
..................................................................


WIND (MPH)
  HIGHEST WIND SPEED    20   HIGHEST WIND DIRECTION     N (20)
  HIGHEST GUST SPEED    28   HIGHEST GUST DIRECTION     N (20)
  AVERAGE WIND SPEED     8.6


SKY COVER
  POSSIBLE SUNSHINE  MM
  AVERAGE SKY COVER 0.2


WEATHER CONDITIONS
 THE FOLLOWING WEATHER WAS RECORDED YESTERDAY.
  THUNDERSTORM
  LIGHT RAIN


RELATIVE HUMIDITY (PERCENT)
 HIGHEST    71           200 AM
 LOWEST     32           300 PM
 AVERAGE    52

..........................................................


THE CHANUTE KS CLIMATE NORMALS FOR TODAY
                         NORMAL    RECORD    YEAR
 MAXIMUM TEMPERATURE (F)   70        89      2006
 MINIMUM TEMPERATURE (F)   48        33      1909


SUNRISE AND SUNSET
APRIL 23 2015.........SUNRISE   636 AM CDT   SUNSET   805 PM CDT
APRIL 24 2015.........SUNRISE   635 AM CDT   SUNSET   806 PM CDT


-  INDICATES NEGATIVE NUMBERS.
R  INDICATES RECORD WAS SET OR TIED.
MM INDICATES DATA IS MISSING.
T  INDICATES TRACE AMOUNT.




$$

JMBW
